{"id":70,"date":"2014-10-27T13:38:20","date_gmt":"2014-10-27T13:38:20","guid":{"rendered":"http:\/\/verkkovaria.fi\/yhteiset\/ruotsi1\/?page_id=70"},"modified":"2016-04-04T07:22:49","modified_gmt":"2016-04-04T07:22:49","slug":"arkielama","status":"publish","type":"page","link":"https:\/\/verkkovaria.fi\/yhteiset\/ruotsi1\/arkielama\/","title":{"rendered":"Viikko 2 Vardag"},"content":{"rendered":"<p><strong>Tee teht\u00e4v\u00e4t toisen opiskeluviikon aikana.<\/strong><\/p>\n<p><strong>Ohjeistus:<\/strong><\/p>\n<p>1. Avaa word-tiedosto ja kirjoita seuraavat teht\u00e4v\u00e4t sille teht\u00e4v\u00e4numero kerrallaan.<\/p>\n<p>2. Palauta kaikki alla olevan osion teht\u00e4v\u00e4t sovittuun paikkaan, esim. <a style=\"color: #333333; text-decoration: underline;\" href=\"https:\/\/fronter.com\/vantaa\/\" target=\"_blank\">Fronterin<\/a> &#8221;Ruotsia ammattiin netiss\u00e4&#8221; <em>Arki<\/em> -palautuskansioon yhdell\u00e4 word-tiedostolla.<\/p>\n<p>3. Tee lis\u00e4ksi wikiteht\u00e4v\u00e4 ja liit\u00e4 ne\u00a0<a style=\"color: #333333; text-decoration: underline;\" href=\"http:\/\/ruotsia-ammattiin.wikispaces.com\/\" target=\"_blank\">wikiin<\/a>.<\/p>\n<h3 style=\"text-align: left;\"><strong>Vardag arki<\/strong><\/h3>\n<ol>\n<li><strong>T\u00e4ll\u00e4 opintojaksolla kertaat kuukaudet ja viikonp\u00e4iv\u00e4t<br \/> <\/strong><\/li>\n<li><strong>Opit esittelem\u00e4\u00e4n itsesi ja kaverisi<\/strong><\/li>\n<li><strong>Osaat kertoa ruokailusta<\/strong><\/li>\n<li><strong>Osaat varata ajan<\/strong><\/li>\n<\/ol>\n<h3 style=\"text-align: left;\">\u00a0<\/h3>\n<h3 style=\"text-align: left;\"><strong>Veckodagar och m\u00e5nader\u00a0Viikonp\u00e4ivi\u00e4 ja kuukausia<\/strong><\/h3>\n<p>Ruotsiksi viikonp\u00e4iv\u00e4t kirjoitetaan pienell\u00e4, kuten my\u00f6skin kuukaudet.<\/p>\n<p>Englanti auttaa, mutta kertaa kuitenkin kirjoitusasu, sill\u00e4 kielten v\u00e4lill\u00e4 on pienet erot. <strong>Esim. januari, februari, mars, jne.<\/strong><\/p>\n<p>\u00a0<\/p>\n<figure id=\"attachment_183\" aria-describedby=\"caption-attachment-183\" style=\"width: 496px\" class=\"wp-caption alignnone\"><a href=\"http:\/\/verkkovaria.fi\/yhteiset\/ruotsi1\/wp-content\/uploads\/2014\/10\/kk.jpg\"><img loading=\"lazy\" decoding=\"async\" src=\"http:\/\/verkkovaria.fi\/yhteiset\/ruotsi1\/wp-content\/uploads\/2014\/10\/kk-300x175.jpg\" alt=\"kk\" width=\"496\" height=\"289\" \/><\/a><figcaption id=\"caption-attachment-183\" class=\"wp-caption-text\">Kuva 1. Veckodagar och m\u00e5nader<\/figcaption><\/figure>\n<p>\u00a0<\/p>\n<p><strong>Teht\u00e4v\u00e4 1: <\/strong>Kertaa yll\u00e4olevassa kuvassa (Kuva 1.) olevat viikonp\u00e4iv\u00e4t ja kuukaudet. K\u00e4y mieless\u00e4si l\u00e4pi tai harjoittele \u00e4\u00e4nt\u00e4mist\u00e4 ja sano ne \u00e4\u00e4neen oikeassa j\u00e4rjestyksess\u00e4.<strong><br \/> <\/strong><\/p>\n<p><strong>Psst.<\/strong><\/p>\n<p><strong>Nyttiga fraser\/ Hy\u00f6dyllisi\u00e4 ilmaisuja aikatauluista puhumiseen:<\/strong><\/p>\n<p>p\u00e5 m\u00e5ndagen maanantaina<\/p>\n<p>n\u00e4sta tisdag ensi tiistaina<\/p>\n<p>i onsdag keskiviikkona<\/p>\n<p>f\u00f6rra torsdagen viime torstaina<\/p>\n<p><strong>Lis\u00e4ksi\u00a0\u00a0<a style=\"color: #333333;\" href=\"http:\/\/www.pohjola-norden.fi\/suomeksi\/kouluille\/opetusmateriaalit\/kielet_ja_kirjallisuus\/\" target=\"_blank\">Pohjola-Nordenin<\/a> sivuilla on kattavat vaihtoehdot eri arkiel\u00e4m\u00e4n tilanteiden kuuntelemiseen.<\/strong><\/p>\n<h3>\u00a0<\/h3>\n<h3><strong>Vad \u00e4r klockan?<\/strong><\/h3>\n<p><strong>Pikaopas kellonaikoihin:<\/strong><\/p>\n<p>Klockan \u00e4r fyra.\u00a0Klockan \u00e4r halv fyra.\u00a0<\/p>\n<p>Klockan \u00e4r en kvart<em> i<\/em> fem.\u00a0Klockan \u00e4r en kvart <em>\u00f6ver<\/em> tv\u00e5.<\/p>\n<p>Klockan \u00e4r tjugosju (minuter) \u00f6ver tio.\u00a0<\/p>\n<p>Klockan \u00e4r tjugofem (minuter) i \u00e5tta.<\/p>\n<p>\u00a0<\/p>\n<p><strong>Teht\u00e4v\u00e4 2<\/strong>: Miten voit sanoa kellonaikoja puhuttaessa?<\/p>\n<p><strong><em>Varttia vailla=\u00a0\u00a0\u00a0\u00a0\u00a0\u00a0\u00a0\u00a0\u00a0\u00a0\u00a0\u00a0\u00a0\u00a0\u00a0\u00a0\u00a0\u00a0\u00a0\u00a0\u00a0\u00a0\u00a0\u00a0\u00a0\u00a0\u00a0\u00a0\u00a0\u00a0\u00a0\u00a0\u00a0\u00a0\u00a0\u00a0\u00a0\u00a0\u00a0\u00a0\u00a0\u00a0\u00a0\u00a0\u00a0\u00a0\u00a0\u00a0\u00a0\u00a0\u00a0\u00a0\u00a0\u00a0\u00a0\u00a0\u00a0\u00a0\u00a0 20 yli=<\/em><\/strong><\/p>\n<p><strong><em>vartti=\u00a0\u00a0\u00a0\u00a0\u00a0\u00a0\u00a0\u00a0\u00a0\u00a0\u00a0\u00a0\u00a0\u00a0\u00a0\u00a0\u00a0\u00a0\u00a0\u00a0\u00a0\u00a0\u00a0\u00a0\u00a0\u00a0\u00a0\u00a0\u00a0\u00a0\u00a0\u00a0\u00a0\u00a0\u00a0\u00a0\u00a0\u00a0\u00a0\u00a0\u00a0\u00a0\u00a0\u00a0\u00a0\u00a0\u00a0\u00a0\u00a0\u00a0\u00a0\u00a0\u00a0\u00a0\u00a0\u00a0\u00a0\u00a0\u00a0\u00a0\u00a0\u00a0\u00a0\u00a0\u00a0\u00a0\u00a0\u00a0\u00a0\u00a0\u00a0\u00a0 puoli=<\/em><\/strong><\/p>\n<p>\u00a0<\/p>\n<p><strong>Teht\u00e4v\u00e4 3: <\/strong>Vastaa alla oleviin koulun k\u00e4yntiisi liittyviin kysymyksiin ruotsiksi.<\/p>\n<p>1. N\u00e4r b\u00f6rjade skolan idag?<\/p>\n<p>2. N\u00e4r slutade skolan idag?<\/p>\n<p>3. N\u00e4r ska du \u00e4ta lunch eller n\u00e4r \u00e5t (s\u00f6it) du lunch?<\/p>\n<p>\u00a0<\/p>\n<p><strong>Teht\u00e4v\u00e4 5:<\/strong> Tee ylen verkkosivuilla oleva puheen <a style=\"color: #333333; text-decoration: underline;\" href=\"http:\/\/www.yle.fi\/moodle\/yle\/attempt.php?q=3105\" target=\"_blank\">ymm\u00e4rt\u00e4misteht\u00e4v\u00e4<\/a>, jossa kuulet kuulutuksia ja aikatauluja rautatieasemalla ja lentokent\u00e4ll\u00e4. Tarkista itse.<\/p>\n<h2 style=\"text-align: left;\">\u00a0<\/h2>\n<h3 style=\"text-align: left;\"><strong>Substantiivit<\/strong><\/h3>\n<p><strong>Pikaopas substantiiveihin: <\/strong><\/p>\n<p>Ruotsilla sanoilla on muotoja, kuten englannissa.<\/p>\n<p>a cat &#8211; <strong>en<\/strong> katt<\/p>\n<p>the cat &#8211; katt<strong>en<\/strong><\/p>\n<p>cat<strong>s &#8211; <\/strong>katt<strong>er<\/strong><\/p>\n<p>the cats &#8211; katt<strong>erna<\/strong><\/p>\n<p><figure id=\"attachment_184\" aria-describedby=\"caption-attachment-184\" style=\"width: 265px\" class=\"wp-caption alignnone\"><a href=\"http:\/\/verkkovaria.fi\/yhteiset\/ruotsi1\/wp-content\/uploads\/2014\/10\/577786_10151688084260315_1679178571_n.jpg\"><img loading=\"lazy\" decoding=\"async\" src=\"http:\/\/verkkovaria.fi\/yhteiset\/ruotsi1\/wp-content\/uploads\/2014\/10\/577786_10151688084260315_1679178571_n-300x300.jpg\" alt=\"577786_10151688084260315_1679178571_n\" width=\"265\" height=\"265\" \/><\/a><figcaption id=\"caption-attachment-184\" class=\"wp-caption-text\">Kuva 2: En katt &#8211; fyra katter<\/figcaption><\/figure><figure id=\"attachment_185\" aria-describedby=\"caption-attachment-185\" style=\"width: 260px\" class=\"wp-caption alignnone\"><a href=\"http:\/\/verkkovaria.fi\/yhteiset\/ruotsi1\/wp-content\/uploads\/2014\/10\/omenakeksit-575x580.jpg\"><img loading=\"lazy\" decoding=\"async\" src=\"http:\/\/verkkovaria.fi\/yhteiset\/ruotsi1\/wp-content\/uploads\/2014\/10\/omenakeksit-575x580-297x300.jpg\" alt=\"omenakeksit-575x580\" width=\"260\" height=\"262\" \/><\/a><figcaption id=\"caption-attachment-185\" class=\"wp-caption-text\">Kuva 3: Ett \u00e4pple -m\u00e5nga \u00e4pplen<\/figcaption><\/figure><\/p>\n<p><strong>Teht\u00e4v\u00e4 6: <\/strong>Kokeile quizletin <a style=\"color: #333333; text-decoration: underline;\" href=\"http:\/\/quizlet.com\/69133985\/scatter\" target=\"_blank\">testiss\u00e4<\/a>, osaatko. Voit kirjata tuloksen yl\u00f6s, jos haluat. Kuuntele my\u00f6s miten sanoja lausutaan ohjelmalla ja toista per\u00e4ss\u00e4.<\/p>\n<p>\u00a0<\/p>\n<h3 style=\"text-align: left;\"><strong>Ihmisten tapaaminen ja itsest\u00e4 kertominen<br \/> <\/strong><\/h3>\n<p><strong>Hejsan! Tjena!<\/strong><\/p>\n<p><strong>Teht\u00e4v\u00e4 7<\/strong>: <strong>Perusfraaseja arjessa.<\/strong><\/p>\n<p>Mieti arjen tilanteita, joita tulet tarvitsemaan esimerkiksi asiakaspalvelussa ja matkustaessasi. Hyvi\u00e4 vinkkej\u00e4 teht\u00e4v\u00e4n tekemiseksi l\u00f6yd\u00e4t Pohjola-Nordenin <a style=\"color: #333333; text-decoration: underline;\" href=\"http:\/\/www.pohjola-norden.fi\/suomeksi\/kouluille\/opetusmateriaalit\/kielet_ja_kirjallisuus\/\" target=\"_blank\">sivuilta<\/a>.<\/p>\n<p><strong>Kirjoita siis ruotsiksi:<\/strong><\/p>\n<p>1. Hyv\u00e4\u00e4 huomenta\/ Hyv\u00e4\u00e4 p\u00e4iv\u00e4\u00e4!<\/p>\n<p>2. Miten esittelet itsesi ty\u00f6haastattelussa? (kirjoita oma nimesi ja ammattisi)<\/p>\n<p>3. Miten sanot, hauska tutustua.<\/p>\n<p>4. Miten kysyt kuulumisia kaveriltasi?<\/p>\n<p>5. Miten vastaat kuulumisten kyselyyn itse?<\/p>\n<p>6. Miten voit hyv\u00e4stell\u00e4 (mieti kaksi tapaa)?<\/p>\n<p>7. Miten toivotat onnea kaverillesi ennen h\u00e4nen jalkapallo-otteluaan?<\/p>\n<p>8. Miten toivotat kaverisi tervetulleeksi?<\/p>\n<p>9. Miten toivotat hyv\u00e4\u00e4 viikonloppua?<\/p>\n<p>10. Miten pyyd\u00e4t anteeksi?<\/p>\n<p>11.Miten pyyd\u00e4t anteeksi opettajalta, jos olet my\u00f6h\u00e4ss\u00e4?<\/p>\n<p>12. Miten pyyd\u00e4t kaveriasi toistamaan kysymyksen, jos et kuullut\/saanut selv\u00e4\u00e4?<\/p>\n<p>13. Miten kysyt tiet\u00e4 lentokent\u00e4lle\/rautatieasemalle\/museoon?<\/p>\n<p>14. Miten pyyd\u00e4t laskun?<\/p>\n<p>15. Miten kysyt paljonko joku tuote maksaa ja voitko maksaa pankkikortilla?<\/p>\n<p>\u00a0<\/p>\n<p><strong>\u00a0<\/strong><\/p>\n<figure id=\"attachment_206\" aria-describedby=\"caption-attachment-206\" style=\"width: 368px\" class=\"wp-caption aligncenter\"><a href=\"http:\/\/verkkovaria.fi\/yhteiset\/ruotsi1\/wp-content\/uploads\/2014\/10\/261807_10150695259760571_4206922_n.jpg\"><img loading=\"lazy\" decoding=\"async\" src=\"http:\/\/verkkovaria.fi\/yhteiset\/ruotsi1\/wp-content\/uploads\/2014\/10\/261807_10150695259760571_4206922_n-300x213.jpg\" alt=\"261807_10150695259760571_4206922_n\" width=\"368\" height=\"263\" \/><\/a><figcaption id=\"caption-attachment-206\" class=\"wp-caption-text\">Kuva 4 Hej! Trevligt att tr\u00e4ffas! = Hei! Hauska tutustua!<\/figcaption><\/figure>\n<p>Esimerkkitilanne kahden ihmisen tapaamisesta:<\/p>\n<p><strong>Hanna:<\/strong> Vad heter du?<\/p>\n<p><strong>Frank: <\/strong>Jag heter Frank. Mitt efternamn \u00e4r Andersson. Och du?<\/p>\n<p><strong>Hanna:<\/strong> Mitt namn \u00e4r Hanna. Mitt efternamn \u00e4r Johansson.<\/p>\n<p><strong>Frank: <\/strong>Trevligt att tr\u00e4ffas.<\/p>\n<p><strong>Hanna:<\/strong>\u00a0Tack detsamma.<\/p>\n<p><strong>Frank: Hur m\u00e5r du? Hur st\u00e5r det till?<\/strong><\/p>\n<p><strong>Hanna: Bra, tack!<\/strong><\/p>\n<h3 style=\"text-align: left;\">\u00a0<\/h3>\n<h3 style=\"text-align: left;\"><strong>Fr\u00e5gor Kysymykset<\/strong><\/h3>\n<p>\u00a0<\/p>\n<figure id=\"attachment_227\" aria-describedby=\"caption-attachment-227\" style=\"width: 300px\" class=\"wp-caption alignleft\"><a href=\"http:\/\/verkkovaria.fi\/yhteiset\/ruotsi1\/wp-content\/uploads\/2014\/10\/kyss\u00e4rit..jpg\"><img loading=\"lazy\" decoding=\"async\" src=\"http:\/\/verkkovaria.fi\/yhteiset\/ruotsi1\/wp-content\/uploads\/2014\/10\/kyss\u00e4rit.-300x229.jpg\" alt=\"kyss\u00e4rit.\" width=\"300\" height=\"229\" \/><\/a><figcaption id=\"caption-attachment-227\" class=\"wp-caption-text\">Kuva 5 Kysymyssanoja<\/figcaption><\/figure>\n<p><strong>Teht\u00e4v\u00e4 8:<\/strong> Yll\u00e4 n\u00e4et kuvassa numero 5 erilaisia kysymyssanoja. Jos et muista, tarkista esim. <a style=\"color: #333333; text-decoration: underline;\" href=\"http:\/\/www.sanakirja.org\/\" target=\"_blank\">sanakirja.orgista<\/a>. K\u00e4yt\u00e4 kysymyssanoja apunasi ja <strong>keksi alla oleville lauseille juuri niihin sopivat kokonaiset kysymykset ruotsiksi.<\/strong><\/p>\n<ol>\n<li>Jag heter Kirsi.<\/li>\n<li>Mina intressen \u00e4r tennis och golf.<\/li>\n<li>Jag bor i Vanda.<\/li>\n<li>Jag \u00e4r 31 \u00e5r gammal.<\/li>\n<li>Jag har tv\u00e5 hundar och en katt.<\/li>\n<li>Jag har en Opel.<\/li>\n<li>Min favoritmat \u00e4r makaronl\u00e5da<\/li>\n<\/ol>\n<p>\u00a0<\/p>\n<h3 style=\"text-align: left;\"><strong>Mat\u00a0ruoka<\/strong><\/h3>\n<figure id=\"attachment_207\" aria-describedby=\"caption-attachment-207\" style=\"width: 416px\" class=\"wp-caption alignleft\"><a href=\"http:\/\/verkkovaria.fi\/yhteiset\/ruotsi1\/wp-content\/uploads\/2014\/10\/1901266_10154173986650571_8821674183767706530_n.jpg\"><img loading=\"lazy\" decoding=\"async\" src=\"http:\/\/verkkovaria.fi\/yhteiset\/ruotsi1\/wp-content\/uploads\/2014\/10\/1901266_10154173986650571_8821674183767706530_n-300x300.jpg\" alt=\"1901266_10154173986650571_8821674183767706530_n\" width=\"416\" height=\"416\" \/><\/a><figcaption id=\"caption-attachment-207\" class=\"wp-caption-text\">Kuva 6 En jordgubbst\u00e5rta = Mansikkakakku<\/figcaption><\/figure>\n<p>\u00a0<\/p>\n<figure id=\"attachment_209\" aria-describedby=\"caption-attachment-209\" style=\"width: 450px\" class=\"wp-caption aligncenter\"><a href=\"http:\/\/verkkovaria.fi\/yhteiset\/ruotsi1\/wp-content\/uploads\/2014\/10\/k\u00f6ttbular.jpg\"><img loading=\"lazy\" decoding=\"async\" src=\"http:\/\/verkkovaria.fi\/yhteiset\/ruotsi1\/wp-content\/uploads\/2014\/10\/k\u00f6ttbular-300x116.jpg\" alt=\"k\u00f6ttbular\" width=\"450\" height=\"174\" \/><\/a><figcaption id=\"caption-attachment-209\" class=\"wp-caption-text\">Kuva 7\u00a0K\u00f6ttbullar och potatismos<\/figcaption><\/figure>\n<p><strong>Teht\u00e4v\u00e4 9: Ota kuva j\u00e4\u00e4kaapistasi\/ruokakaapistasi\/kaupan osastolta\/kauppakassistasi. Nime\u00e4 kuvaan ainakin 10 eri elintarviketta ruotsiksi. <\/strong>Ennen kuin kirjoitat kuviin sanaselityksen ruotsiksi, kannattaa tarkistaa sanat esimerkiksi Googlen kuvahaun avulla tai suoraan elintarvikkeesta, jossa on yleens\u00e4 tuote my\u00f6s ruotsiksi.\u00a0<strong><br \/> <\/strong><\/p>\n<p>\u00a0<\/p>\n<p><strong>Ruokasanastoa: <\/strong><\/p>\n<p><strong>frukost aamiainen<\/strong><\/p>\n<p><strong>lunch lounas<br \/> <\/strong><\/p>\n<p><strong>mellanm\u00e5l v\u00e4lipala<br \/> <\/strong><\/p>\n<p><strong>middag\u00a0 p\u00e4iv\u00e4llinen<\/strong><\/p>\n<p><strong>kv\u00e4llsmat iltapala<br \/> <\/strong><\/p>\n<figure id=\"attachment_212\" aria-describedby=\"caption-attachment-212\" style=\"width: 437px\" class=\"wp-caption alignleft\"><a href=\"http:\/\/verkkovaria.fi\/yhteiset\/ruotsi1\/wp-content\/uploads\/2014\/10\/2013-05-04-05.39.36.jpg\"><img loading=\"lazy\" decoding=\"async\" src=\"http:\/\/verkkovaria.fi\/yhteiset\/ruotsi1\/wp-content\/uploads\/2014\/10\/2013-05-04-05.39.36-300x225.jpg\" alt=\"2013-05-04 05.39.36\" width=\"437\" height=\"328\" \/><\/a><figcaption id=\"caption-attachment-212\" class=\"wp-caption-text\">Kuva 8 Frukostbord = Aamiaisp\u00f6yt\u00e4<\/figcaption><\/figure>\n<p><strong>\u00a0<\/strong><\/p>\n<h3 style=\"text-align: left;\"><strong>P\u00e5 restaurang Ravintolassa<\/strong><\/h3>\n<figure id=\"attachment_178\" aria-describedby=\"caption-attachment-178\" style=\"width: 460px\" class=\"wp-caption aligncenter\"><a href=\"http:\/\/verkkovaria.fi\/yhteiset\/ruotsi1\/wp-content\/uploads\/2014\/10\/DSCF6217.jpg\"><img loading=\"lazy\" decoding=\"async\" src=\"http:\/\/verkkovaria.fi\/yhteiset\/ruotsi1\/wp-content\/uploads\/2014\/10\/DSCF6217-300x225.jpg\" alt=\"DSCF6217\" width=\"460\" height=\"345\" \/><\/a><figcaption id=\"caption-attachment-178\" class=\"wp-caption-text\">Kuva 9 Vad det smakar gott = Onpa hyv\u00e4\u00e4!<\/figcaption><\/figure>\n<p><strong>Wikiteht\u00e4v\u00e4 10: K\u00e4y kuuntelemassa Pohjola-Nordenin sivuilla <a style=\"color: #333333; text-decoration: underline;\" href=\"http:\/\/www.pohjola-norden.fi\/suomeksi\/kouluille\/opetusmateriaalit\/kielet_ja_kirjallisuus\/kahvilassa\/\" target=\"_blank\">kahvilakeskustelu<\/a>.<\/strong>\u00a0Tee yll\u00e4 olevaan\u00a0kuvaan numero 9 samanlainen ravintolakeskustelu kolmen henkil\u00f6n kesken (kaksi asiakasta ja tarjoilija). <strong>Voit my\u00f6s vaihtoehtoisesti ottaa k\u00e4nnyk\u00e4ll\u00e4 kuvia\/videokuvaa itsest\u00e4si ja kaveristasi ja tehd\u00e4 oman vuoropuhelun teid\u00e4n ruokap\u00f6yt\u00e4keskustelustanne lounaalla.<\/strong> Kirjoita tai lis\u00e4\u00e4 vuoropuhelu <a style=\"color: #333333; text-decoration: underline;\" href=\"http:\/\/ruotsia-ammattiin.wikispaces.com\/\" target=\"_blank\">wikiin<\/a>. <\/p>\n<p>Aiheina voi olla esim. <\/p>\n<p><strong>t<\/strong><strong>ervehtiminen ja kuulumise<\/strong>t <strong>kavereiden kesken<\/strong> <\/p>\n<p><strong>ruokalistan pyyt\u00e4minen tarjoilijalta (Kan jag f\u00e5 menyn?)<br \/> <\/strong><\/p>\n<p><strong> ruuan ja juoman valitseminen (Jag tar&#8230;)<br \/> <\/strong><\/p>\n<p><strong>laskun (notan) pyyt\u00e4minen ja tarjoilija ilmoittaa hinnan\u00a0<\/strong><\/p>\n<p><strong>maksaminen k\u00e4teisell\u00e4 ja kiitt\u00e4minen<br \/> <\/strong><\/p>\n<p><strong>hyv\u00e4stely<\/strong><strong>\u00a0<\/strong><\/p>\n<p>\u00a0<\/p>\n<p>Malli:<\/p>\n<p>Tarjoilija \/ Servit\u00f6r : Goddag och v\u00e4lkomna! Har ni tittat p\u00e5 menyn?<\/p>\n<p>Asiakas 1\/ Kund 1: Hej! Jag tar fisken till huvudr\u00e4tt.<\/p>\n<p>Asiakas 2 \/Kund 2: Och jag ska ta vegetarisk lasagne till huvudr\u00e4tt<\/p>\n<p>jne.<\/p>\n<p>\u00a0<\/p>\n<h3 style=\"text-align: left;\"><strong>Ajanvaraus St\u00e4mma m\u00f6te<\/strong><\/h3>\n<p>Tutustu tapaamisten sopimiseen Pohjola-Nordenin <a style=\"color: #333333; text-decoration: underline;\" href=\"http:\/\/www.pohjola-norden.fi\/suomeksi\/kouluille\/opetusmateriaalit\/kielet_ja_kirjallisuus\/tapaamisen_sopiminen_puhelimessa\/\" target=\"_blank\">sivuilla<\/a>. Kuuntele tilanne ja koeta ymm\u00e4rt\u00e4\u00e4, mit\u00e4 sovitaan.\u00a0Kun osaat, voit siirty\u00e4 alla oleviin teht\u00e4viin.<\/p>\n<figure id=\"attachment_216\" aria-describedby=\"caption-attachment-216\" style=\"width: 216px\" class=\"wp-caption alignleft\"><a href=\"http:\/\/verkkovaria.fi\/yhteiset\/ruotsi1\/wp-content\/uploads\/2014\/10\/unnamed-1.jpg\"><img loading=\"lazy\" decoding=\"async\" src=\"http:\/\/verkkovaria.fi\/yhteiset\/ruotsi1\/wp-content\/uploads\/2014\/10\/unnamed-1-225x300.jpg\" alt=\"unnamed (1)\" width=\"216\" height=\"288\" \/><\/a><figcaption id=\"caption-attachment-216\" class=\"wp-caption-text\">Kuva 10 Hej! Vi ses p\u00e5 tisdag den 16 december! V\u00e4lkommen!<\/figcaption><\/figure>\n<p><strong>Teht\u00e4v\u00e4 12<\/strong>: Katso ja kuuntele ylen sivuilta<strong> AJANVARAUKSEN PERUUTUKSEEN<\/strong> liittyv\u00e4 <a style=\"color: #333333; text-decoration: underline;\" href=\"http:\/\/oppiminen.yle.fi\/ruotsi\/javisst-palvelualan-ruotsia\/autoala\" target=\"_blank\">video<\/a>. Yrit\u00e4 ymm\u00e4rt\u00e4\u00e4 mahdollisimman paljon, mit\u00e4 sanotaan. Kirjoita lyhyesti suomeksi, mit\u00e4 videossa tapahtui.<\/p>\n<p><strong>Teht\u00e4v\u00e4 13:<\/strong> Tee ylen sivuilta <a style=\"color: #333333; text-decoration: underline;\" href=\"http:\/\/www.yle.fi\/moodle\/yle\/attempt.php?q=4315\" target=\"_blank\">ajanvarausteht\u00e4v\u00e4<\/a>.<\/p>\n","protected":false},"excerpt":{"rendered":"<p>Tee teht\u00e4v\u00e4t toisen opiskeluviikon aikana. Ohjeistus: 1. Avaa word-tiedosto ja kirjoita seuraavat teht\u00e4v\u00e4t sille teht\u00e4v\u00e4numero kerrallaan. 2. Palauta kaikki alla olevan osion teht\u00e4v\u00e4t sovittuun paikkaan, esim. Fronterin &#8221;Ruotsia ammattiin netiss\u00e4&#8221; Arki -palautuskansioon yhdell\u00e4 word-tiedostolla. 3. Tee lis\u00e4ksi wikiteht\u00e4v\u00e4 ja liit\u00e4 ne\u00a0wikiin. Vardag arki T\u00e4ll\u00e4 opintojaksolla kertaat kuukaudet ja viikonp\u00e4iv\u00e4t Opit esittelem\u00e4\u00e4n itsesi ja kaverisi Osaat &hellip; <a href=\"https:\/\/verkkovaria.fi\/yhteiset\/ruotsi1\/arkielama\/\">Continued<\/a><\/p>\n","protected":false},"author":2,"featured_media":0,"parent":0,"menu_order":0,"comment_status":"closed","ping_status":"closed","template":"","meta":{"footnotes":"","_links_to":"","_links_to_target":""},"class_list":["post-70","page","type-page","status-publish","hentry"],"_links":{"self":[{"href":"https:\/\/verkkovaria.fi\/yhteiset\/ruotsi1\/wp-json\/wp\/v2\/pages\/70","targetHints":{"allow":["GET"]}}],"collection":[{"href":"https:\/\/verkkovaria.fi\/yhteiset\/ruotsi1\/wp-json\/wp\/v2\/pages"}],"about":[{"href":"https:\/\/verkkovaria.fi\/yhteiset\/ruotsi1\/wp-json\/wp\/v2\/types\/page"}],"author":[{"embeddable":true,"href":"https:\/\/verkkovaria.fi\/yhteiset\/ruotsi1\/wp-json\/wp\/v2\/users\/2"}],"replies":[{"embeddable":true,"href":"https:\/\/verkkovaria.fi\/yhteiset\/ruotsi1\/wp-json\/wp\/v2\/comments?post=70"}],"version-history":[{"count":86,"href":"https:\/\/verkkovaria.fi\/yhteiset\/ruotsi1\/wp-json\/wp\/v2\/pages\/70\/revisions"}],"predecessor-version":[{"id":837,"href":"https:\/\/verkkovaria.fi\/yhteiset\/ruotsi1\/wp-json\/wp\/v2\/pages\/70\/revisions\/837"}],"wp:attachment":[{"href":"https:\/\/verkkovaria.fi\/yhteiset\/ruotsi1\/wp-json\/wp\/v2\/media?parent=70"}],"curies":[{"name":"wp","href":"https:\/\/api.w.org\/{rel}","templated":true}]}}