{"id":23,"date":"2014-10-27T12:50:36","date_gmt":"2014-10-27T12:50:36","guid":{"rendered":"http:\/\/verkkovaria.fi\/yhteiset\/ruotsi1\/?page_id=23"},"modified":"2016-07-05T10:53:16","modified_gmt":"2016-07-05T10:53:16","slug":"etusivu","status":"publish","type":"page","link":"https:\/\/verkkovaria.fi\/yhteiset\/ruotsi1\/","title":{"rendered":"Toinen kotimainen kieli, ruotsi"},"content":{"rendered":"<figure id=\"attachment_89\" aria-describedby=\"caption-attachment-89\" style=\"width: 300px\" class=\"wp-caption alignnone\"><a href=\"http:\/\/verkkovaria.fi\/yhteiset\/ruotsi1\/wp-content\/uploads\/2014\/10\/127533454_f12170aa18_o.jpg\"><img loading=\"lazy\" decoding=\"async\" src=\"http:\/\/verkkovaria.fi\/yhteiset\/ruotsi1\/wp-content\/uploads\/2014\/10\/127533454_f12170aa18_o-300x225.jpg\" alt=\"CC licensed by Eke Miedaner ubiquity_zh \" width=\"300\" height=\"225\" \/><\/a><figcaption id=\"caption-attachment-89\" class=\"wp-caption-text\">CC licensed by Eke Miedaner ubiquity_zh<\/figcaption><\/figure>\n<p>\u00a0<\/p>\n<p style=\"text-align: left;\">T\u00e4ss\u00e4 ruotsin verkkototeutuksessa kokoat itse omaa kielitaitoasi ammattia ja\u00a0el\u00e4m\u00e4\u00e4 varten &#8211; verkossa! Opinnoissa ty\u00f6skennell\u00e4\u00e4n netiss\u00e4 ja tutustutaan ruotsin kielen maailmaan musiikin, videoiden, kirjoitusten ja kuvien kautta.<\/p>\n<p style=\"text-align: left;\">Verkkototeutuksen aikana opit kertomaan itsest\u00e4si, opiskelustasi, tulevasta ammatistasi ja siihen liittyv\u00e4st\u00e4 sanastosta. Kertaat vanhaa ja opit uutta. Opit my\u00f6s arvioimaan omaa osaamistasi sek\u00e4 kommentoimaan toisten kirjoituksia.<\/p>\n<p style=\"text-align: left;\">L\u00f6yd\u00e4t ohjeet ja teht\u00e4v\u00e4t Opiskelijalle-valikon alta.<\/p>\n","protected":false},"excerpt":{"rendered":"<p>\u00a0 T\u00e4ss\u00e4 ruotsin verkkototeutuksessa kokoat itse omaa kielitaitoasi ammattia ja\u00a0el\u00e4m\u00e4\u00e4 varten &#8211; verkossa! Opinnoissa ty\u00f6skennell\u00e4\u00e4n netiss\u00e4 ja tutustutaan ruotsin kielen maailmaan musiikin, videoiden, kirjoitusten ja kuvien kautta. Verkkototeutuksen aikana opit kertomaan itsest\u00e4si, opiskelustasi, tulevasta ammatistasi ja siihen liittyv\u00e4st\u00e4 sanastosta. Kertaat vanhaa ja opit uutta. Opit my\u00f6s arvioimaan omaa osaamistasi sek\u00e4 kommentoimaan toisten kirjoituksia. L\u00f6yd\u00e4t ohjeet &hellip; <a href=\"https:\/\/verkkovaria.fi\/yhteiset\/ruotsi1\/\">Continued<\/a><\/p>\n","protected":false},"author":2,"featured_media":0,"parent":0,"menu_order":0,"comment_status":"closed","ping_status":"closed","template":"frontpage.php","meta":{"footnotes":"","_links_to":"","_links_to_target":""},"class_list":["post-23","page","type-page","status-publish","hentry"],"_links":{"self":[{"href":"https:\/\/verkkovaria.fi\/yhteiset\/ruotsi1\/wp-json\/wp\/v2\/pages\/23","targetHints":{"allow":["GET"]}}],"collection":[{"href":"https:\/\/verkkovaria.fi\/yhteiset\/ruotsi1\/wp-json\/wp\/v2\/pages"}],"about":[{"href":"https:\/\/verkkovaria.fi\/yhteiset\/ruotsi1\/wp-json\/wp\/v2\/types\/page"}],"author":[{"embeddable":true,"href":"https:\/\/verkkovaria.fi\/yhteiset\/ruotsi1\/wp-json\/wp\/v2\/users\/2"}],"replies":[{"embeddable":true,"href":"https:\/\/verkkovaria.fi\/yhteiset\/ruotsi1\/wp-json\/wp\/v2\/comments?post=23"}],"version-history":[{"count":31,"href":"https:\/\/verkkovaria.fi\/yhteiset\/ruotsi1\/wp-json\/wp\/v2\/pages\/23\/revisions"}],"predecessor-version":[{"id":845,"href":"https:\/\/verkkovaria.fi\/yhteiset\/ruotsi1\/wp-json\/wp\/v2\/pages\/23\/revisions\/845"}],"wp:attachment":[{"href":"https:\/\/verkkovaria.fi\/yhteiset\/ruotsi1\/wp-json\/wp\/v2\/media?parent=23"}],"curies":[{"name":"wp","href":"https:\/\/api.w.org\/{rel}","templated":true}]}}