{"id":240,"date":"2015-04-15T07:54:08","date_gmt":"2015-04-15T07:54:08","guid":{"rendered":"http:\/\/verkkovaria.fi\/tekniikka\/sisavalmistusvaihe\/?page_id=240"},"modified":"2017-04-12T11:33:15","modified_gmt":"2017-04-12T09:33:15","slug":"arviointi","status":"publish","type":"page","link":"https:\/\/verkkovaria.fi\/tekniikka\/sisavalmistusvaihe\/about\/arviointi\/","title":{"rendered":"Arviointi"},"content":{"rendered":"<p>Verkko-opintojen opiskelussa vaaditaan:<br \/>\n&#8211; kaikkien Fronterissa olevien teoriateht\u00e4vien tekeminen<br \/>\n&#8211; ty\u00f6selosteen tekeminen. T\u00e4rkeint\u00e4 teht\u00e4v\u00e4ss\u00e4 on valokuvaus! Lis\u00e4ksi vaaditaan kuvia t\u00e4ydent\u00e4v\u00e4\u00e4 ja selitt\u00e4v\u00e4\u00e4 teksti\u00e4. Mik\u00e4li tekstin kirjoittaminen tuntuu vaikealta, voit my\u00f6s sanella vastauksesi ja liitt\u00e4\u00e4 \u00e4\u00e4nitiedoston\/videon palautukseen.<\/p>\n<p>Kun olet saavuttanut ammattitaitovaatimukset, p\u00e4\u00e4set antamaan Sis\u00e4valmistusvaiheen t\u00f6iden n\u00e4ytt\u00f6\u00e4.<\/p>\n<p>N\u00e4ytt\u00f6 arvioidaan asteikolla Tyydytt\u00e4v\u00e4 1 &#8211; Kiitett\u00e4v\u00e4 3.<\/p>\n<p>N\u00e4yt\u00f6n arviointi toteutetaan tutkinnon perusteissa m\u00e4\u00e4riteltyjen kriteerien mukaisesti. Mik\u00e4li tutkinnon osassa vaadittavaa ammattitaitoa ei voida ammattiosaamisen n\u00e4yt\u00f6ss\u00e4 riitt\u00e4v\u00e4n kattavasti osoittaa, t\u00e4ydennet\u00e4\u00e4n n\u00e4ytt\u00f6\u00e4 haastattelujen, teht\u00e4vien ja muiden luotettavien menetelmien avulla.<\/p>\n<p>Ammattitaitovaatimukset ja arvioinnin perusteet l\u00f6ytyv\u00e4t Opintopolusta: <a href=\"https:\/\/eperusteet.opintopolku.fi\/#\/fi\/esitys\/1724170\/ops\/tutkinnonosat\/1724099\" target=\"_blank\">ePerusteet: Sis\u00e4valmistusvaiheen ty\u00f6t<\/a>.<\/p>\n","protected":false},"excerpt":{"rendered":"<p>Verkko-opintojen opiskelussa vaaditaan: &#8211; kaikkien Fronterissa olevien teoriateht\u00e4vien tekeminen &#8211; ty\u00f6selosteen tekeminen. T\u00e4rkeint\u00e4 teht\u00e4v\u00e4ss\u00e4 on valokuvaus! Lis\u00e4ksi vaaditaan kuvia t\u00e4ydent\u00e4v\u00e4\u00e4 ja selitt\u00e4v\u00e4\u00e4 teksti\u00e4. Mik\u00e4li tekstin kirjoittaminen tuntuu vaikealta, voit my\u00f6s sanella vastauksesi ja liitt\u00e4\u00e4 \u00e4\u00e4nitiedoston\/videon palautukseen. Kun olet saavuttanut ammattitaitovaatimukset, p\u00e4\u00e4set antamaan Sis\u00e4valmistusvaiheen t\u00f6iden n\u00e4ytt\u00f6\u00e4. N\u00e4ytt\u00f6 arvioidaan asteikolla Tyydytt\u00e4v\u00e4 1 &#8211; Kiitett\u00e4v\u00e4 3. N\u00e4yt\u00f6n arviointi &hellip; <a href=\"https:\/\/verkkovaria.fi\/tekniikka\/sisavalmistusvaihe\/about\/arviointi\/\">Continued<\/a><\/p>\n","protected":false},"author":1,"featured_media":0,"parent":2,"menu_order":0,"comment_status":"closed","ping_status":"closed","template":"","meta":{"footnotes":"","_links_to":"","_links_to_target":""},"class_list":["post-240","page","type-page","status-publish","hentry"],"_links":{"self":[{"href":"https:\/\/verkkovaria.fi\/tekniikka\/sisavalmistusvaihe\/wp-json\/wp\/v2\/pages\/240","targetHints":{"allow":["GET"]}}],"collection":[{"href":"https:\/\/verkkovaria.fi\/tekniikka\/sisavalmistusvaihe\/wp-json\/wp\/v2\/pages"}],"about":[{"href":"https:\/\/verkkovaria.fi\/tekniikka\/sisavalmistusvaihe\/wp-json\/wp\/v2\/types\/page"}],"author":[{"embeddable":true,"href":"https:\/\/verkkovaria.fi\/tekniikka\/sisavalmistusvaihe\/wp-json\/wp\/v2\/users\/1"}],"replies":[{"embeddable":true,"href":"https:\/\/verkkovaria.fi\/tekniikka\/sisavalmistusvaihe\/wp-json\/wp\/v2\/comments?post=240"}],"version-history":[{"count":15,"href":"https:\/\/verkkovaria.fi\/tekniikka\/sisavalmistusvaihe\/wp-json\/wp\/v2\/pages\/240\/revisions"}],"predecessor-version":[{"id":599,"href":"https:\/\/verkkovaria.fi\/tekniikka\/sisavalmistusvaihe\/wp-json\/wp\/v2\/pages\/240\/revisions\/599"}],"up":[{"embeddable":true,"href":"https:\/\/verkkovaria.fi\/tekniikka\/sisavalmistusvaihe\/wp-json\/wp\/v2\/pages\/2"}],"wp:attachment":[{"href":"https:\/\/verkkovaria.fi\/tekniikka\/sisavalmistusvaihe\/wp-json\/wp\/v2\/media?parent=240"}],"curies":[{"name":"wp","href":"https:\/\/api.w.org\/{rel}","templated":true}]}}