{"id":216,"date":"2015-04-08T07:58:35","date_gmt":"2015-04-08T07:58:35","guid":{"rendered":"http:\/\/verkkovaria.fi\/tekniikka\/sisavalmistusvaihe\/?page_id=216"},"modified":"2017-04-10T12:30:34","modified_gmt":"2017-04-10T10:30:34","slug":"tehtava-6-tehtavat-fronterissa","status":"publish","type":"page","link":"https:\/\/verkkovaria.fi\/tekniikka\/sisavalmistusvaihe\/tehtavat\/tehtava-6-tehtavat-fronterissa\/","title":{"rendered":"Teht\u00e4v\u00e4 1 &#8211; Teht\u00e4v\u00e4t Fronterissa"},"content":{"rendered":"<p>Fronterissa teht\u00e4vien kysymysten tarkoituksena on varmistaa sis\u00e4valmistusvaiheen t\u00f6iden yksityiskohtien ja teorian\u00a0osaaminen.<\/p>\n<p>Teht\u00e4v\u00e4t ovat monivalinta -tyyppisi\u00e4 kysymyksi\u00e4 sis\u00e4valmistusvaiheen t\u00f6iss\u00e4 k\u00e4ytett\u00e4vist\u00e4 materiaaleista ja niiden k\u00e4sittelyst\u00e4.\u00a0Lis\u00e4ksi on kysymyksi\u00e4 eri ty\u00f6vaiheista ja -tavoista eli miten sis\u00e4valmistusvaiheen t\u00f6it\u00e4 tehd\u00e4\u00e4n oikein ja oikeassa j\u00e4rjestyksess\u00e4.\u00a0Kysymyksiin voi olla yksi tai useampi oikea vastaus.<\/p>\n<p>Kirjaudu sis\u00e4\u00e4n <a style=\"color: #333333; text-decoration: underline;\" href=\"https:\/\/fronter.com\/vantaa\/\" target=\"_blank\">Fronteriin<\/a>.<\/p>\n<ol>\n<li>Mene &#8217;Sis\u00e4valmistusvaihe&#8217; -huoneeseen.<\/li>\n<li>Valitse ikkunan vasemmasta reunasta &#8217;Testit&#8217;.<\/li>\n<li>Vastaa siell\u00e4 oleviin teht\u00e4viin.<\/li>\n<\/ol>\n<p>T\u00e4ss\u00e4 linkki seuraavaan teht\u00e4v\u00e4\u00e4n:<br \/>\n<a style=\"color: #333333; text-decoration: underline;\" title=\"Teht\u00e4v\u00e4 6 \u2013 Ty\u00f6oheet\" href=\"http:\/\/verkkovaria.fi\/tekniikka\/sisavalmistusvaihe\/about\/tehtavat\/tehtava-6-tyooheet\/\">Teht\u00e4v\u00e4 2 &#8211; Ty\u00f6ohjeet<\/a><\/p>\n","protected":false},"excerpt":{"rendered":"<p>Fronterissa teht\u00e4vien kysymysten tarkoituksena on varmistaa sis\u00e4valmistusvaiheen t\u00f6iden yksityiskohtien ja teorian\u00a0osaaminen. Teht\u00e4v\u00e4t ovat monivalinta -tyyppisi\u00e4 kysymyksi\u00e4 sis\u00e4valmistusvaiheen t\u00f6iss\u00e4 k\u00e4ytett\u00e4vist\u00e4 materiaaleista ja niiden k\u00e4sittelyst\u00e4.\u00a0Lis\u00e4ksi on kysymyksi\u00e4 eri ty\u00f6vaiheista ja -tavoista eli miten sis\u00e4valmistusvaiheen t\u00f6it\u00e4 tehd\u00e4\u00e4n oikein ja oikeassa j\u00e4rjestyksess\u00e4.\u00a0Kysymyksiin voi olla yksi tai useampi oikea vastaus. Kirjaudu sis\u00e4\u00e4n Fronteriin. Mene &#8217;Sis\u00e4valmistusvaihe&#8217; -huoneeseen. Valitse ikkunan vasemmasta reunasta &hellip; <a href=\"https:\/\/verkkovaria.fi\/tekniikka\/sisavalmistusvaihe\/tehtavat\/tehtava-6-tehtavat-fronterissa\/\">Continued<\/a><\/p>\n","protected":false},"author":1,"featured_media":0,"parent":9,"menu_order":0,"comment_status":"open","ping_status":"open","template":"","meta":{"footnotes":"","_links_to":"","_links_to_target":""},"class_list":["post-216","page","type-page","status-publish","hentry"],"_links":{"self":[{"href":"https:\/\/verkkovaria.fi\/tekniikka\/sisavalmistusvaihe\/wp-json\/wp\/v2\/pages\/216","targetHints":{"allow":["GET"]}}],"collection":[{"href":"https:\/\/verkkovaria.fi\/tekniikka\/sisavalmistusvaihe\/wp-json\/wp\/v2\/pages"}],"about":[{"href":"https:\/\/verkkovaria.fi\/tekniikka\/sisavalmistusvaihe\/wp-json\/wp\/v2\/types\/page"}],"author":[{"embeddable":true,"href":"https:\/\/verkkovaria.fi\/tekniikka\/sisavalmistusvaihe\/wp-json\/wp\/v2\/users\/1"}],"replies":[{"embeddable":true,"href":"https:\/\/verkkovaria.fi\/tekniikka\/sisavalmistusvaihe\/wp-json\/wp\/v2\/comments?post=216"}],"version-history":[{"count":22,"href":"https:\/\/verkkovaria.fi\/tekniikka\/sisavalmistusvaihe\/wp-json\/wp\/v2\/pages\/216\/revisions"}],"predecessor-version":[{"id":598,"href":"https:\/\/verkkovaria.fi\/tekniikka\/sisavalmistusvaihe\/wp-json\/wp\/v2\/pages\/216\/revisions\/598"}],"up":[{"embeddable":true,"href":"https:\/\/verkkovaria.fi\/tekniikka\/sisavalmistusvaihe\/wp-json\/wp\/v2\/pages\/9"}],"wp:attachment":[{"href":"https:\/\/verkkovaria.fi\/tekniikka\/sisavalmistusvaihe\/wp-json\/wp\/v2\/media?parent=216"}],"curies":[{"name":"wp","href":"https:\/\/api.w.org\/{rel}","templated":true}]}}