{"id":140,"date":"2015-02-23T12:44:04","date_gmt":"2015-02-23T12:44:04","guid":{"rendered":"http:\/\/verkkovaria.fi\/tekniikka\/sisavalmistusvaihe\/?page_id=140"},"modified":"2015-02-23T13:55:49","modified_gmt":"2015-02-23T13:55:49","slug":"yleista-sisavalmistusvaiheen-toista-paneloinnista-ja-listoituksesta","status":"publish","type":"page","link":"https:\/\/verkkovaria.fi\/tekniikka\/sisavalmistusvaihe\/about\/teoriaa\/yleista-sisavalmistusvaiheen-toista-paneloinnista-ja-listoituksesta\/","title":{"rendered":"Yleist\u00e4 sis\u00e4valmistusvaiheen t\u00f6ist\u00e4, paneloinnista ja listoituksesta"},"content":{"rendered":"<p><strong>Valmistelevat ty\u00f6t<\/strong><\/p>\n<p>Valmistelevissa t\u00f6iss\u00e4 puhdistetaan runkorakenteita betonivalupurseista petkeleell\u00e4, k\u00e4sin tai poravasaralla piikkaamalla. Lis\u00e4ksi suoritetaan paikkauksia ja pintaan j\u00e4\u00e4neiden ter\u00e4sten suojauksia tai upotuksia.<\/p>\n<p>Betonivaluissa, paikkauksissa ja tasoituksissa k\u00e4ytet\u00e4\u00e4n<\/p>\n<ul>\n<li>kuivabetonia (esim. S30)<\/li>\n<li>juotosbetonia<\/li>\n<li>valumatonta elementtisaumabetonia<\/li>\n<li>sementtilaastia, joko karkeata laastia paksumpiin paikkauksiin tai hienoa ohuempiin paikkauksiin.<\/li>\n<\/ul>\n<p>Paksut laastipaikkaukset tehd\u00e4\u00e4n kerroksittain valumisen est\u00e4miseksi. Paikkauskohta esik\u00e4sitell\u00e4\u00e4n tartunnan parantamiseksi. Esik\u00e4sittelyj\u00e4 ovat esim.<\/p>\n<ul>\n<li>vesikastelu,<\/li>\n<li>tartuntasively,<\/li>\n<li>karhennus<\/li>\n<li>kolon muotoilu piikkaamalla<\/li>\n<\/ul>\n<p>Paikkauskohta kannattaa j\u00e4tt\u00e4\u00e4 hieman vajaaksi ja t\u00e4ytt\u00e4\u00e4 se my\u00f6hemmin tasoitteella. Liian pinnassa olevat ter\u00e4kset puhdistetaan ja suojak\u00e4sitell\u00e4\u00e4n ennen laastipaikkausta tai ne voidaan upottaa syvemm\u00e4lle piikkauksella ja paikata kolot.<\/p>\n<p>Suuret rei\u00e4t muotoillaan sein\u00e4n syvyyssuunnassa kohtisuoriksi ja raudoitetaan tartuntaraudoituksella betoniin porattuihin reikiin sek\u00e4 laudoitetaan betonivalua varten.<\/p>\n<p><strong>Pintojen suojaukset rakennusaikana<\/strong><\/p>\n<p>Lopullisten rakennuspintojen valmistuttua suojataan ne vanerilla, kovalevyll\u00e4 tai muoveilla, paperilla tai pahvilla teipaten esim. portaat, ovet, lattiat, kalusteet ja ikkunat.<\/p>\n<p>Rakennust\u00f6iden valmistuttua suoritetaan tilojen loppusiivous ennen tilojen luovuttamista asiakkaalle.<\/p>\n<p>&nbsp;<\/p>\n","protected":false},"excerpt":{"rendered":"<p>Valmistelevat ty\u00f6t Valmistelevissa t\u00f6iss\u00e4 puhdistetaan runkorakenteita betonivalupurseista petkeleell\u00e4, k\u00e4sin tai poravasaralla piikkaamalla. Lis\u00e4ksi suoritetaan paikkauksia ja pintaan j\u00e4\u00e4neiden ter\u00e4sten suojauksia tai upotuksia. Betonivaluissa, paikkauksissa ja tasoituksissa k\u00e4ytet\u00e4\u00e4n kuivabetonia (esim. S30) juotosbetonia valumatonta elementtisaumabetonia sementtilaastia, joko karkeata laastia paksumpiin paikkauksiin tai hienoa ohuempiin paikkauksiin. Paksut laastipaikkaukset tehd\u00e4\u00e4n kerroksittain valumisen est\u00e4miseksi. Paikkauskohta esik\u00e4sitell\u00e4\u00e4n tartunnan parantamiseksi. Esik\u00e4sittelyj\u00e4 ovat &hellip; <a href=\"https:\/\/verkkovaria.fi\/tekniikka\/sisavalmistusvaihe\/about\/teoriaa\/yleista-sisavalmistusvaiheen-toista-paneloinnista-ja-listoituksesta\/\">Continued<\/a><\/p>\n","protected":false},"author":1,"featured_media":0,"parent":156,"menu_order":0,"comment_status":"open","ping_status":"open","template":"","meta":{"footnotes":"","_links_to":"","_links_to_target":""},"class_list":["post-140","page","type-page","status-publish","hentry"],"_links":{"self":[{"href":"https:\/\/verkkovaria.fi\/tekniikka\/sisavalmistusvaihe\/wp-json\/wp\/v2\/pages\/140","targetHints":{"allow":["GET"]}}],"collection":[{"href":"https:\/\/verkkovaria.fi\/tekniikka\/sisavalmistusvaihe\/wp-json\/wp\/v2\/pages"}],"about":[{"href":"https:\/\/verkkovaria.fi\/tekniikka\/sisavalmistusvaihe\/wp-json\/wp\/v2\/types\/page"}],"author":[{"embeddable":true,"href":"https:\/\/verkkovaria.fi\/tekniikka\/sisavalmistusvaihe\/wp-json\/wp\/v2\/users\/1"}],"replies":[{"embeddable":true,"href":"https:\/\/verkkovaria.fi\/tekniikka\/sisavalmistusvaihe\/wp-json\/wp\/v2\/comments?post=140"}],"version-history":[{"count":4,"href":"https:\/\/verkkovaria.fi\/tekniikka\/sisavalmistusvaihe\/wp-json\/wp\/v2\/pages\/140\/revisions"}],"predecessor-version":[{"id":165,"href":"https:\/\/verkkovaria.fi\/tekniikka\/sisavalmistusvaihe\/wp-json\/wp\/v2\/pages\/140\/revisions\/165"}],"up":[{"embeddable":true,"href":"https:\/\/verkkovaria.fi\/tekniikka\/sisavalmistusvaihe\/wp-json\/wp\/v2\/pages\/156"}],"wp:attachment":[{"href":"https:\/\/verkkovaria.fi\/tekniikka\/sisavalmistusvaihe\/wp-json\/wp\/v2\/media?parent=140"}],"curies":[{"name":"wp","href":"https:\/\/api.w.org\/{rel}","templated":true}]}}