{"id":87,"date":"2014-11-14T12:06:24","date_gmt":"2014-11-14T12:06:24","guid":{"rendered":"http:\/\/verkkovaria.fi\/taydentavat\/kulttuurintuntemus_ranska\/?page_id=87"},"modified":"2016-06-28T09:31:49","modified_gmt":"2016-06-28T09:31:49","slug":"ranskan-kielen-alkeet-2","status":"publish","type":"page","link":"https:\/\/verkkovaria.fi\/taydentavat\/kulttuurintuntemus_ranska\/ranskan-kielen-alkeet-2\/","title":{"rendered":"RANSKAN KIELEN ALKEET"},"content":{"rendered":"<p>T\u00e4ss\u00e4 sis\u00e4ll\u00f6ss\u00e4 opiskelija harjoittelee perussanastoa ja rakenteita. Tavoitteena on oppia selviytym\u00e4\u00e4n ranskaksi yksinkertaisista kommunikaatiotilanteista. Opittavia asioita ovat mm. tervehtiminen, itsens\u00e4 esittely, Ranskassa hyvin t\u00e4rke\u00e4ksi nouseva kohteliaisuussanasto, viikonp\u00e4iv\u00e4t, vuorokaudenajat, numerot, kellonajat ja ruokasanasto. T\u00e4rke\u00e4n\u00e4 tavoitteena on, ett\u00e4 opiskelija oppii, miten h\u00e4n selvi\u00e4\u00e4 erilaisissa palvelutilanteissa ja ty\u00f6tilanteissa. Verkkototeutuksessa\u00a0opiskellaan my\u00f6s t\u00e4rkeit\u00e4 perusverbej\u00e4 ja persoonapronomineja.<\/p>\n<p>T\u00e4m\u00e4 sis\u00e4lt\u00f6 aloitetaan koko ryhm\u00e4n yhteisell\u00e4 kontaktiopetustunnilla!<\/p>\n","protected":false},"excerpt":{"rendered":"<p>T\u00e4ss\u00e4 sis\u00e4ll\u00f6ss\u00e4 opiskelija harjoittelee perussanastoa ja rakenteita. Tavoitteena on oppia selviytym\u00e4\u00e4n ranskaksi yksinkertaisista kommunikaatiotilanteista. Opittavia asioita ovat mm. tervehtiminen, itsens\u00e4 esittely, Ranskassa hyvin t\u00e4rke\u00e4ksi nouseva kohteliaisuussanasto, viikonp\u00e4iv\u00e4t, vuorokaudenajat, numerot, kellonajat ja ruokasanasto. T\u00e4rke\u00e4n\u00e4 tavoitteena on, ett\u00e4 opiskelija oppii, miten h\u00e4n selvi\u00e4\u00e4 erilaisissa palvelutilanteissa ja ty\u00f6tilanteissa. Verkkototeutuksessa\u00a0opiskellaan my\u00f6s t\u00e4rkeit\u00e4 perusverbej\u00e4 ja persoonapronomineja. T\u00e4m\u00e4 sis\u00e4lt\u00f6 aloitetaan koko &hellip; <a href=\"https:\/\/verkkovaria.fi\/taydentavat\/kulttuurintuntemus_ranska\/ranskan-kielen-alkeet-2\/\">Continued<\/a><\/p>\n","protected":false},"author":2,"featured_media":0,"parent":0,"menu_order":0,"comment_status":"closed","ping_status":"open","template":"","meta":{"footnotes":"","_links_to":"","_links_to_target":""},"class_list":["post-87","page","type-page","status-publish","hentry"],"_links":{"self":[{"href":"https:\/\/verkkovaria.fi\/taydentavat\/kulttuurintuntemus_ranska\/wp-json\/wp\/v2\/pages\/87","targetHints":{"allow":["GET"]}}],"collection":[{"href":"https:\/\/verkkovaria.fi\/taydentavat\/kulttuurintuntemus_ranska\/wp-json\/wp\/v2\/pages"}],"about":[{"href":"https:\/\/verkkovaria.fi\/taydentavat\/kulttuurintuntemus_ranska\/wp-json\/wp\/v2\/types\/page"}],"author":[{"embeddable":true,"href":"https:\/\/verkkovaria.fi\/taydentavat\/kulttuurintuntemus_ranska\/wp-json\/wp\/v2\/users\/2"}],"replies":[{"embeddable":true,"href":"https:\/\/verkkovaria.fi\/taydentavat\/kulttuurintuntemus_ranska\/wp-json\/wp\/v2\/comments?post=87"}],"version-history":[{"count":6,"href":"https:\/\/verkkovaria.fi\/taydentavat\/kulttuurintuntemus_ranska\/wp-json\/wp\/v2\/pages\/87\/revisions"}],"predecessor-version":[{"id":588,"href":"https:\/\/verkkovaria.fi\/taydentavat\/kulttuurintuntemus_ranska\/wp-json\/wp\/v2\/pages\/87\/revisions\/588"}],"wp:attachment":[{"href":"https:\/\/verkkovaria.fi\/taydentavat\/kulttuurintuntemus_ranska\/wp-json\/wp\/v2\/media?parent=87"}],"curies":[{"name":"wp","href":"https:\/\/api.w.org\/{rel}","templated":true}]}}