{"id":7,"date":"2014-10-27T12:54:51","date_gmt":"2014-10-27T12:54:51","guid":{"rendered":"http:\/\/verkkovaria.fi\/taydentavat\/kulttuurintuntemus_ranska\/?page_id=7"},"modified":"2016-06-28T09:11:22","modified_gmt":"2016-06-28T09:11:22","slug":"etusivu","status":"publish","type":"page","link":"https:\/\/verkkovaria.fi\/taydentavat\/kulttuurintuntemus_ranska\/","title":{"rendered":"Kulttuurin tuntemus, ranska"},"content":{"rendered":"<p style=\"text-align: left;\"><strong>Tervetuloa Varian ranskan kielen ja kulttuurintuntemuksen verkko-oppimisymp\u00e4rist\u00f6\u00f6n!<\/strong><\/p>\n<p style=\"text-align: left;\">T\u00e4ss\u00e4 verkkototeutuksessa on mahdollista opiskella yhteens\u00e4 nelj\u00e4 ranskan sis\u00e4lt\u00f6\u00e4. Sis\u00e4ll\u00f6t ovat ensisijaisesti tarkoitettu opiskelijoille, joiden on tarkoitus suorittaa ty\u00f6ss\u00e4oppimisjakso Ranskassa. Monipuolisten teht\u00e4vien avulla p\u00e4\u00e4set tutustumaan itse Ranskaan, ranskalaiseen kulttuuriin, ty\u00f6kulttuuriin, t\u00e4rke\u00e4\u00e4n sanastoon sek\u00e4 rakenteisiin, mik\u00e4 helpottaa ty\u00f6ss\u00e4oppimisjakson aloitusta ja ty\u00f6nteon sujuvuutta ulkomaalaisessa ymp\u00e4rist\u00f6ss\u00e4.<\/p>\n<p style=\"text-align: left;\">Suurin\u00a0osa sis\u00e4ll\u00f6ist\u00e4 (poislukien Ranskalainen ty\u00f6kulttuuri) soveltuu hyvin my\u00f6s opiskelijoille, jotka eiv\u00e4t ole l\u00e4hd\u00f6ss\u00e4 ty\u00f6ss\u00e4oppimiseen Ranskaan, mutta ovat kiinnostuneita ja motivoituneita oppimaan ranskan kielt\u00e4 ja kulttuuria. Jos olet l\u00e4hd\u00f6ss\u00e4 ty\u00f6ss\u00e4oppimiseen Ranskaan, hy\u00f6dyt parhaiten sis\u00e4ll\u00f6ist\u00e4\u00a0niin, ett\u00e4 suoritat niist\u00e4 kaksi ensimm\u00e4ist\u00e4 ennen Ranskaan l\u00e4htemist\u00e4 ja kaksi j\u00e4lkimm\u00e4ist\u00e4 ty\u00f6ss\u00e4oppimisen aikana Ranskasta k\u00e4sin.<\/p>\n<h3><strong>Seuraavassa lyhyt kuvaus VerkkoVarian ranskan sis\u00e4ll\u00f6ist\u00e4:<\/strong><\/h3>\n<h3>\u00a0<\/h3>\n<p>\u00a0<\/p>\n<p><strong>Ranskalainen kulttuuri (1-2 osp)<\/strong><\/p>\n<p>Opiskelija tutustuu alkujaksossa yleisesti Ranskaan, kohdekaupunkiinsa ja maan kulttuuriin sek\u00e4 tapoihin. Loppujaksossa opiskelija tutustuu siihen, mink\u00e4laista ty\u00f6skentely on Ranskassa ja tavoitteena on, ett\u00e4 h\u00e4n oppii ty\u00f6ss\u00e4\u00e4n tarvittavaa sanastoa ja markkinoimaan itse\u00e4\u00e4n ty\u00f6markkinoilla.<\/p>\n<p>Ranskalainen kulttuuri ja Ranskan kielen alkeet on hyv\u00e4 opiskella\u00a0samanaikaisesti, koska niiden sis\u00e4ll\u00f6t tukevat toisiaan.<\/p>\n<p><strong>Ranskan kielen alkeet (1 osp)<\/strong><\/p>\n<p>Opiskelija harjoittelee perussanastoa, rakenteita ja lausumista. Tavoitteena on oppia selviytym\u00e4\u00e4n ranskaksi yksinkertaisista kommunikaatiotilanteista. Opittavia asioita ovat mm. tervehtiminen, itsens\u00e4 esittely, Ranskassa hyvin t\u00e4rke\u00e4ksi nouseva kohteliaisuussanasto, viikonp\u00e4iv\u00e4t, vuorokaudenajat, numerot, kellonajat ja ruokasanasto. T\u00e4rke\u00e4n\u00e4 tavoitteena on, ett\u00e4 opiskelija oppii, miten h\u00e4n selvi\u00e4\u00e4 erilaisissa palvelutilanteissa ja ty\u00f6tilanteissa. Verkkototeutuksessa\u00a0opetellaan my\u00f6s t\u00e4rkeit\u00e4 perusverbej\u00e4 ja persoonapronomineja.<\/p>\n<p>Ranksalainen kulttuuri ja Ranskan kielen alkeet on hyv\u00e4 opiskella\u00a0samanaikaisesti, koska niiden sis\u00e4ll\u00f6t tukevat toisiaan.<\/p>\n<p><strong>Ranskalainen ty\u00f6kulttuuri (1-2 osp)<\/strong><\/p>\n<p>T\u00e4m\u00e4 verkkototeutus on tarkoitettu niille, jotka suorittavat ty\u00f6ss\u00e4oppimisjakson Ranskassa. Yhten\u00e4 p\u00e4\u00e4tavoitteena on, ett\u00e4 opiskelijat saavat tukea uudessa ty\u00f6ymp\u00e4rist\u00f6ss\u00e4\u00e4n ja vertaisapua kysymyksiin, joita heill\u00e4 nousee ty\u00f6ss\u00e4oppimisen aikana. Opiskelija tutustuu ranskalaiseen ty\u00f6kulttuuriin ja samalla syvent\u00e4\u00e4 tiet\u00e4myst\u00e4\u00e4n suomalaisten ja ranskalaisten kulttuuripiirteiden eroista. Ty\u00f6kulttuurin tuntemus ei ole kuitenkaan ainoa tavoite, vaan tarkoituksena on, ett\u00e4 opiskelijat jakavat kokemuksiaan kaikesta, mit\u00e4 kokevat kohdemaassa. Opiskelijoiden kokemuksia voidaan k\u00e4ytt\u00e4\u00e4 my\u00f6s\u00a0jatkossa hy\u00f6dyksi, kun seuraavien vuosien opiskelijat miettiv\u00e4t ty\u00f6ss\u00e4oppimisjakson suorittamista ulkomailla.<\/p>\n<p><strong>Ranska 4: Ranskan kielen jatko-opinto (1 osp)<\/strong><\/p>\n<p>Opiskelija syventyy ranskan kielen sanastoon ja rakenteisiin. Opiskelija oppii esittelem\u00e4\u00e4n\u00a0Suomea ja suomalaisia, kertomaan s\u00e4\u00e4st\u00e4, vapaa-ajastaan ja itsest\u00e4\u00e4n laajemmin. T\u00e4ss\u00e4 verkkototeutuksessa\u00a0opiskelijoiden vertaistuki nousee my\u00f6s t\u00e4rke\u00e4\u00e4n rooliin: opiskelijat, jotka suorittavat teht\u00e4v\u00e4t ty\u00f6ss\u00e4oppimisjakson aikana, t\u00f6rm\u00e4\u00e4v\u00e4t helposti Ranskassa ollessaan sellaisiin sanoihin ja rakenteisiin, joita on vaikea ymm\u00e4rt\u00e4\u00e4, ja niit\u00e4 pohditaan yhteisvoimin &#8211; \u00a0k\u00e4yt\u00f6ss\u00e4 onkin niin sanottu keskustelufoorumi, jolla opiskelijat saavat esitt\u00e4\u00e4 kysymyksens\u00e4 muille ja niihin yritet\u00e4\u00e4n l\u00f6yt\u00e4\u00e4 yhdess\u00e4 vastauksia.<\/p>\n","protected":false},"excerpt":{"rendered":"<p>Tervetuloa Varian ranskan kielen ja kulttuurintuntemuksen verkko-oppimisymp\u00e4rist\u00f6\u00f6n! T\u00e4ss\u00e4 verkkototeutuksessa on mahdollista opiskella yhteens\u00e4 nelj\u00e4 ranskan sis\u00e4lt\u00f6\u00e4. Sis\u00e4ll\u00f6t ovat ensisijaisesti tarkoitettu opiskelijoille, joiden on tarkoitus suorittaa ty\u00f6ss\u00e4oppimisjakso Ranskassa. Monipuolisten teht\u00e4vien avulla p\u00e4\u00e4set tutustumaan itse Ranskaan, ranskalaiseen kulttuuriin, ty\u00f6kulttuuriin, t\u00e4rke\u00e4\u00e4n sanastoon sek\u00e4 rakenteisiin, mik\u00e4 helpottaa ty\u00f6ss\u00e4oppimisjakson aloitusta ja ty\u00f6nteon sujuvuutta ulkomaalaisessa ymp\u00e4rist\u00f6ss\u00e4. Suurin\u00a0osa sis\u00e4ll\u00f6ist\u00e4 (poislukien Ranskalainen ty\u00f6kulttuuri) &hellip; <a href=\"https:\/\/verkkovaria.fi\/taydentavat\/kulttuurintuntemus_ranska\/\">Continued<\/a><\/p>\n","protected":false},"author":2,"featured_media":279,"parent":0,"menu_order":0,"comment_status":"closed","ping_status":"open","template":"frontpage.php","meta":{"footnotes":"","_links_to":"","_links_to_target":""},"class_list":["post-7","page","type-page","status-publish","has-post-thumbnail","hentry"],"_links":{"self":[{"href":"https:\/\/verkkovaria.fi\/taydentavat\/kulttuurintuntemus_ranska\/wp-json\/wp\/v2\/pages\/7","targetHints":{"allow":["GET"]}}],"collection":[{"href":"https:\/\/verkkovaria.fi\/taydentavat\/kulttuurintuntemus_ranska\/wp-json\/wp\/v2\/pages"}],"about":[{"href":"https:\/\/verkkovaria.fi\/taydentavat\/kulttuurintuntemus_ranska\/wp-json\/wp\/v2\/types\/page"}],"author":[{"embeddable":true,"href":"https:\/\/verkkovaria.fi\/taydentavat\/kulttuurintuntemus_ranska\/wp-json\/wp\/v2\/users\/2"}],"replies":[{"embeddable":true,"href":"https:\/\/verkkovaria.fi\/taydentavat\/kulttuurintuntemus_ranska\/wp-json\/wp\/v2\/comments?post=7"}],"version-history":[{"count":39,"href":"https:\/\/verkkovaria.fi\/taydentavat\/kulttuurintuntemus_ranska\/wp-json\/wp\/v2\/pages\/7\/revisions"}],"predecessor-version":[{"id":577,"href":"https:\/\/verkkovaria.fi\/taydentavat\/kulttuurintuntemus_ranska\/wp-json\/wp\/v2\/pages\/7\/revisions\/577"}],"wp:featuredmedia":[{"embeddable":true,"href":"https:\/\/verkkovaria.fi\/taydentavat\/kulttuurintuntemus_ranska\/wp-json\/wp\/v2\/media\/279"}],"wp:attachment":[{"href":"https:\/\/verkkovaria.fi\/taydentavat\/kulttuurintuntemus_ranska\/wp-json\/wp\/v2\/media?parent=7"}],"curies":[{"name":"wp","href":"https:\/\/api.w.org\/{rel}","templated":true}]}}