{"id":216,"date":"2015-04-22T17:48:41","date_gmt":"2015-04-22T17:48:41","guid":{"rendered":"http:\/\/verkkovaria.fi\/taydentavat\/kulttuurintuntemus_ranska\/?page_id=216"},"modified":"2016-06-28T10:02:02","modified_gmt":"2016-06-28T10:02:02","slug":"exercice-3-cest-moi","status":"publish","type":"page","link":"https:\/\/verkkovaria.fi\/taydentavat\/kulttuurintuntemus_ranska\/exercice-3-cest-moi\/","title":{"rendered":"Exercice 3: C\u2019est moi!"},"content":{"rendered":"<p><strong>T\u00e4llainen olen!<\/strong><\/p>\n<p><strong>Teht\u00e4v\u00e4n tavoite<\/strong>:\u00a0oppia kuvailemaan, eli k\u00e4ytt\u00e4m\u00e4\u00e4n <strong>adjektiiveja<\/strong>.<\/p>\n<p><strong>Teht\u00e4v\u00e4:<\/strong><\/p>\n<p>Lue \u00a0teht\u00e4v\u00e4nannon alapuolelta pikaopas adjektiivien k\u00e4ytt\u00f6\u00f6n ranskassa.<\/p>\n<p>Kirjoita keskustelualustallemme seuraavat asiat:<\/p>\n<p><strong>1)<\/strong>\u00a0mink\u00e4lainen sin\u00e4 olet:<\/p>\n<p><strong>Je suis\u2026(=min\u00e4 olen\u2026)<\/strong><\/p>\n<p><strong>2)\u00a0<\/strong>mink\u00e4laisia te olette perheess\u00e4nne\u00a0:<\/p>\n<p><strong>Dans ma famille, nous sommes\u2026(=Perheess\u00e4ni me olemme\u2026)<\/strong><\/p>\n<p><strong>3)<\/strong> mink\u00e4laisia olette yst\u00e4viesi kanssa\u00a0:<\/p>\n<p><strong>Avec mes amis, nous sommes\u2026(=Yst\u00e4vieni kanssa olemme\u2026)<\/strong><\/p>\n<p>K\u00e4yt\u00e4 mahdollisimman monia adjektiiveja ja muista, ett\u00e4 jos olet mies, k\u00e4yt\u00e4t maskuliinimuotoa, jos olet nainen, k\u00e4yt\u00e4t feminiinimuotoa. Monikossa lis\u00e4t\u00e4\u00e4n s-kirjain adjektiiviin.<\/p>\n<p><strong>4)<\/strong> Kun olet palauttanut teht\u00e4v\u00e4n, k\u00e4y kirjoittamassa jonkun toisen opiskelijan teht\u00e4v\u00e4\u00e4n kommentiksi, millainen h\u00e4n mielest\u00e4si on: <strong>Tu es\u2026<\/strong><\/p>\n<p>&nbsp;<\/p>\n<p><strong>Pikaopas adjektiiveista<\/strong><\/p>\n<p>Ranskassa adjektiiveilla on kaksi eri muotoa: maskuliini- ja feminiinimuoto. Jos kuvaillaan miest\u00e4, k\u00e4ytet\u00e4\u00e4n maskuliinimuotoa, kun taas naista kuvaillessa k\u00e4ytet\u00e4\u00e4n feminiinimuotoa. V\u00e4lill\u00e4 muodot n\u00e4ytt\u00e4v\u00e4t t\u00e4ysin samalta, mutta jos yleistet\u00e4\u00e4n, niin feminiinimuoto p\u00e4\u00e4ttyy e-kirjaimeen. Kun adjektiiveist\u00e4 tehd\u00e4\u00e4n monikkomuotoja, niihin lis\u00e4t\u00e4\u00e4n tavallisesti s-kirjain. T\u00e4ss\u00e4 muutama esimerkki adjektiivien maskuliini- ja feminiinimuodoista:<\/p>\n<p>&nbsp;<\/p>\n<p>MASKULIINI\/FEMINIINI<\/p>\n<p>Beau\/Belle (=Komea\/kaunis)<\/p>\n<p>Grand\/Grande (=Suuri)<\/p>\n<p>Petit\/Petite (=Pieni)<\/p>\n<p>Long\/Longue (=Pitk\u00e4)<\/p>\n<p>Heureux\/Heureuse (=Onnellinen)<\/p>\n<p>Content\/Contente (=Tyytyv\u00e4inen)<\/p>\n<p>&nbsp;<\/p>\n<p>ESIMERKKILAUSEITA:<\/p>\n<p><strong>le gar\u00e7on est content (=poika on iloinen)<\/strong><\/p>\n<p><strong>la fille est contente (=tytt\u00f6 on iloinen)<\/strong><\/p>\n<p><strong>les gar\u00e7ons sont contents (=pojat ovat iloisia)<\/strong><\/p>\n<p><strong>les filles sont contentes (=tyt\u00f6t ovat iloisia)<\/strong><\/p>\n<p><strong>les gar\u00e7ons et les filles sont contents (=pojat ja tyt\u00f6t ovat iloisia)<\/strong><\/p>\n<p><strong>Huom! jos siis adjektiivi viittaa sek\u00e4 maskuliiniin ett\u00e4 feminiiniin, valitaan monikossa maskuliininen monikkomuoto<\/strong><\/p>\n","protected":false},"excerpt":{"rendered":"<p>T\u00e4llainen olen! Teht\u00e4v\u00e4n tavoite:\u00a0oppia kuvailemaan, eli k\u00e4ytt\u00e4m\u00e4\u00e4n adjektiiveja. Teht\u00e4v\u00e4: Lue \u00a0teht\u00e4v\u00e4nannon alapuolelta pikaopas adjektiivien k\u00e4ytt\u00f6\u00f6n ranskassa. Kirjoita keskustelualustallemme seuraavat asiat: 1)\u00a0mink\u00e4lainen sin\u00e4 olet: Je suis\u2026(=min\u00e4 olen\u2026) 2)\u00a0mink\u00e4laisia te olette perheess\u00e4nne\u00a0: Dans ma famille, nous sommes\u2026(=Perheess\u00e4ni me olemme\u2026) 3) mink\u00e4laisia olette yst\u00e4viesi kanssa\u00a0: Avec mes amis, nous sommes\u2026(=Yst\u00e4vieni kanssa olemme\u2026) K\u00e4yt\u00e4 mahdollisimman monia adjektiiveja ja muista, &hellip; <a href=\"https:\/\/verkkovaria.fi\/taydentavat\/kulttuurintuntemus_ranska\/exercice-3-cest-moi\/\">Continued<\/a><\/p>\n","protected":false},"author":2,"featured_media":0,"parent":0,"menu_order":0,"comment_status":"closed","ping_status":"open","template":"","meta":{"footnotes":"","_links_to":"","_links_to_target":""},"class_list":["post-216","page","type-page","status-publish","hentry"],"_links":{"self":[{"href":"https:\/\/verkkovaria.fi\/taydentavat\/kulttuurintuntemus_ranska\/wp-json\/wp\/v2\/pages\/216","targetHints":{"allow":["GET"]}}],"collection":[{"href":"https:\/\/verkkovaria.fi\/taydentavat\/kulttuurintuntemus_ranska\/wp-json\/wp\/v2\/pages"}],"about":[{"href":"https:\/\/verkkovaria.fi\/taydentavat\/kulttuurintuntemus_ranska\/wp-json\/wp\/v2\/types\/page"}],"author":[{"embeddable":true,"href":"https:\/\/verkkovaria.fi\/taydentavat\/kulttuurintuntemus_ranska\/wp-json\/wp\/v2\/users\/2"}],"replies":[{"embeddable":true,"href":"https:\/\/verkkovaria.fi\/taydentavat\/kulttuurintuntemus_ranska\/wp-json\/wp\/v2\/comments?post=216"}],"version-history":[{"count":19,"href":"https:\/\/verkkovaria.fi\/taydentavat\/kulttuurintuntemus_ranska\/wp-json\/wp\/v2\/pages\/216\/revisions"}],"predecessor-version":[{"id":604,"href":"https:\/\/verkkovaria.fi\/taydentavat\/kulttuurintuntemus_ranska\/wp-json\/wp\/v2\/pages\/216\/revisions\/604"}],"wp:attachment":[{"href":"https:\/\/verkkovaria.fi\/taydentavat\/kulttuurintuntemus_ranska\/wp-json\/wp\/v2\/media?parent=216"}],"curies":[{"name":"wp","href":"https:\/\/api.w.org\/{rel}","templated":true}]}}

<p><strong>Tällainen olen!</strong></p>
<p><strong>Tehtävän tavoite</strong>: oppia kuvailemaan, eli käyttämään <strong>adjektiiveja</strong>.</p>
<p><strong>Tehtävä:</strong></p>
<p>Lue  tehtävänannon alapuolelta pikaopas adjektiivien käyttöön ranskassa.</p>
<p>Kirjoita keskustelualustallemme seuraavat asiat:</p>
<p><strong>1)</strong> minkälainen sinä olet:</p>
<p><strong>Je suis…(=minä olen…)</strong></p>
<p><strong>2) </strong>minkälaisia te olette perheessänne :</p>
<p><strong>Dans ma famille, nous sommes…(=Perheessäni me olemme…)</strong></p>
<p><strong>3)</strong> minkälaisia olette ystäviesi kanssa :</p>
<p><strong>Avec mes amis, nous sommes…(=Ystävieni kanssa olemme…)</strong></p>
<p>Käytä mahdollisimman monia adjektiiveja ja muista, että jos olet mies, käytät maskuliinimuotoa, jos olet nainen, käytät feminiinimuotoa. Monikossa lisätään s-kirjain adjektiiviin.</p>
<p><strong>4)</strong> Kun olet palauttanut tehtävän, käy kirjoittamassa jonkun toisen opiskelijan tehtävään kommentiksi, millainen hän mielestäsi on: <strong>Tu es…</strong></p>
<p>&nbsp;</p>
<p><strong>Pikaopas adjektiiveista</strong></p>
<p>Ranskassa adjektiiveilla on kaksi eri muotoa: maskuliini- ja feminiinimuoto. Jos kuvaillaan miestä, käytetään maskuliinimuotoa, kun taas naista kuvaillessa käytetään feminiinimuotoa. Välillä muodot näyttävät täysin samalta, mutta jos yleistetään, niin feminiinimuoto päättyy e-kirjaimeen. Kun adjektiiveistä tehdään monikkomuotoja, niihin lisätään tavallisesti s-kirjain. Tässä muutama esimerkki adjektiivien maskuliini- ja feminiinimuodoista:</p>
<p>&nbsp;</p>
<p>MASKULIINI/FEMINIINI</p>
<p>Beau/Belle (=Komea/kaunis)</p>
<p>Grand/Grande (=Suuri)</p>
<p>Petit/Petite (=Pieni)</p>
<p>Long/Longue (=Pitkä)</p>
<p>Heureux/Heureuse (=Onnellinen)</p>
<p>Content/Contente (=Tyytyväinen)</p>
<p>&nbsp;</p>
<p>ESIMERKKILAUSEITA:</p>
<p><strong>le garçon est content (=poika on iloinen)</strong></p>
<p><strong>la fille est contente (=tyttö on iloinen)</strong></p>
<p><strong>les garçons sont contents (=pojat ovat iloisia)</strong></p>
<p><strong>les filles sont contentes (=tytöt ovat iloisia)</strong></p>
<p><strong>les garçons et les filles sont contents (=pojat ja tytöt ovat iloisia)</strong></p>
<p><strong>Huom! jos siis adjektiivi viittaa sekä maskuliiniin että feminiiniin, valitaan monikossa maskuliininen monikkomuoto</strong></p>

<p>Tällainen olen! Tehtävän tavoite: oppia kuvailemaan, eli käyttämään adjektiiveja. Tehtävä: Lue  tehtävänannon alapuolelta pikaopas adjektiivien käyttöön ranskassa. Kirjoita keskustelualustallemme seuraavat asiat: 1) minkälainen sinä olet: Je suis…(=minä olen…) 2) minkälaisia te olette perheessänne : Dans ma famille, nous sommes…(=Perheessäni me olemme…) 3) minkälaisia olette ystäviesi kanssa : Avec mes amis, nous sommes…(=Ystävieni kanssa olemme…) Käytä mahdollisimman monia adjektiiveja ja muista, &hellip; <a href="https://verkkovaria.fi/taydentavat/kulttuurintuntemus_ranska/exercice-3-cest-moi/">Continued</a></p>
