{"id":177,"date":"2015-04-27T12:22:47","date_gmt":"2015-04-27T12:22:47","guid":{"rendered":"http:\/\/verkkovaria.fi\/marata\/matkailujamonik\/?page_id=177"},"modified":"2016-06-16T13:55:53","modified_gmt":"2016-06-16T13:55:53","slug":"tehtava-2","status":"publish","type":"page","link":"https:\/\/verkkovaria.fi\/marata\/matkailujamonik\/tehtava-2\/","title":{"rendered":"Teht\u00e4v\u00e4 2"},"content":{"rendered":"<p style=\"text-align: justify;\"><strong>Perehtymisvaihe ja oman tuotoksen alkuun saattaminen<\/strong>\u00a0<\/p>\n<p style=\"text-align: justify;\">Perehtyk\u00e4\u00e4 ty\u00f6pareittain\/pienryhmiss\u00e4 valitsemaanne aiheeseen teht\u00e4v\u00e4ss\u00e4 yksi m\u00e4\u00e4ritellyn toimintasuunnitelman sek\u00e4 vastuualueidenne mukaisesti sek\u00e4 kirjatkaa OneDrive-ty\u00f6kirjaan aiheeseenne liittyvi\u00e4 ajatuksia, ideoita ja linkkej\u00e4. Teht\u00e4v\u00e4n kaksi tavoitteena on, ett\u00e4\u00a0 syvennytte valitsemaanne aiheeseen ja hankitte mahdollisimman laajasti tietoja aiheeseenne liittyen. Omaa tiet\u00e4myst\u00e4nne voitte kartoittaa monin eri tavoin esimerkiksi lukemalla aiheeseen liittyv\u00e4\u00e4 kirjallisuutta, vierailemalla konsulaateissa\/matkailutoimistoissa tai katsomalla aiheeseennne liittyvi\u00e4 dokumentteja. Jotta voitte hy\u00f6dynt\u00e4\u00e4 hankkimaanne tietoa lopullisessa tuotoksessanne, dokumentoikaa hankkimanne tieto mahdollisimman kattavasti esimerkiksi kirjoittamalla tai videoimalla (muistakaa l\u00e4hdemaininnat).<\/p>\n<p><a href=\"http:\/\/verkkovaria.fi\/marata\/matkailujamonik\/wp-content\/uploads\/2015\/10\/hands1.jpg\"><img loading=\"lazy\" decoding=\"async\" src=\"http:\/\/verkkovaria.fi\/marata\/matkailujamonik\/wp-content\/uploads\/2015\/10\/hands1-1024x714.jpg\" alt=\"hands\" width=\"453\" height=\"316\" \/><\/a><\/p>\n<p>Kuva: Altman Gerd (pixabay.com, lupa vapaaseen kaupalliseen k\u00e4ytt\u00f6\u00f6n)\u00a0<\/p>\n<p style=\"text-align: justify;\">Lis\u00e4tk\u00e4\u00e4 OneDrive-ty\u00f6kirjaanne tieto siit\u00e4, minne olette ker\u00e4\u00e4m\u00e4\u00e4nne tietoa dokumentoineet, jotta verkkototeutuksen ohjaaja voi k\u00e4yd\u00e4 perhetym\u00e4ss\u00e4 kokoamaanne tietopohjaan (esim. suljettu blogi\/YouTube-alusta\/erillinen OneDrive-ty\u00f6kirja jne.). Voitte my\u00f6s l\u00e4hett\u00e4\u00e4 kokoamanne tiedot ohjaajalle s\u00e4hk\u00f6isesti.<\/p>\n<p style=\"text-align: justify;\">T\u00e4m\u00e4 vaihe luo ns. teoreettisen perustan lopulliselle tuotoksellenne. Antakaa toisillenne palautetta ja vaihtakaa ajatuksia kokoamista tiedoista, sek\u00e4 pohtikaa miten tulette hy\u00f6dynt\u00e4m\u00e4\u00e4n koottua tietoa teht\u00e4v\u00e4nne toteutusvaiheessa?<\/p>\n<p style=\"text-align: justify;\">Kun perehtymisvaihe on toteutettu suunnitelmien sek\u00e4 ennakkoon sovitun aikataulun mukaisesti (aikaa teht\u00e4v\u00e4n kaksi loppuun saattamiseksi esimerkiksi kaksi kalenteriviikkoa), kommentoi verkkototeutuksen ohjaaja kokoamaanne materiaalia sek\u00e4 antaa tarvittaessa kehitysideoita. Ohjaajan n\u00e4ytt\u00e4ess\u00e4 \u201dvihre\u00e4\u00e4 valoa\u201d, olette valmiita siirtym\u00e4\u00e4n teht\u00e4v\u00e4n seuraavaan osioon, teht\u00e4v\u00e4\u00e4n numero 3.<strong><br \/> <\/strong><\/p>\n","protected":false},"excerpt":{"rendered":"<p>Perehtymisvaihe ja oman tuotoksen alkuun saattaminen\u00a0 Perehtyk\u00e4\u00e4 ty\u00f6pareittain\/pienryhmiss\u00e4 valitsemaanne aiheeseen teht\u00e4v\u00e4ss\u00e4 yksi m\u00e4\u00e4ritellyn toimintasuunnitelman sek\u00e4 vastuualueidenne mukaisesti sek\u00e4 kirjatkaa OneDrive-ty\u00f6kirjaan aiheeseenne liittyvi\u00e4 ajatuksia, ideoita ja linkkej\u00e4. Teht\u00e4v\u00e4n kaksi tavoitteena on, ett\u00e4\u00a0 syvennytte valitsemaanne aiheeseen ja hankitte mahdollisimman laajasti tietoja aiheeseenne liittyen. Omaa tiet\u00e4myst\u00e4nne voitte kartoittaa monin eri tavoin esimerkiksi lukemalla aiheeseen liittyv\u00e4\u00e4 kirjallisuutta, vierailemalla konsulaateissa\/matkailutoimistoissa &hellip; <a href=\"https:\/\/verkkovaria.fi\/marata\/matkailujamonik\/tehtava-2\/\">Continued<\/a><\/p>\n","protected":false},"author":1,"featured_media":0,"parent":0,"menu_order":0,"comment_status":"closed","ping_status":"open","template":"","meta":{"footnotes":"","_links_to":"","_links_to_target":""},"class_list":["post-177","page","type-page","status-publish","hentry"],"_links":{"self":[{"href":"https:\/\/verkkovaria.fi\/marata\/matkailujamonik\/wp-json\/wp\/v2\/pages\/177","targetHints":{"allow":["GET"]}}],"collection":[{"href":"https:\/\/verkkovaria.fi\/marata\/matkailujamonik\/wp-json\/wp\/v2\/pages"}],"about":[{"href":"https:\/\/verkkovaria.fi\/marata\/matkailujamonik\/wp-json\/wp\/v2\/types\/page"}],"author":[{"embeddable":true,"href":"https:\/\/verkkovaria.fi\/marata\/matkailujamonik\/wp-json\/wp\/v2\/users\/1"}],"replies":[{"embeddable":true,"href":"https:\/\/verkkovaria.fi\/marata\/matkailujamonik\/wp-json\/wp\/v2\/comments?post=177"}],"version-history":[{"count":68,"href":"https:\/\/verkkovaria.fi\/marata\/matkailujamonik\/wp-json\/wp\/v2\/pages\/177\/revisions"}],"predecessor-version":[{"id":845,"href":"https:\/\/verkkovaria.fi\/marata\/matkailujamonik\/wp-json\/wp\/v2\/pages\/177\/revisions\/845"}],"wp:attachment":[{"href":"https:\/\/verkkovaria.fi\/marata\/matkailujamonik\/wp-json\/wp\/v2\/media?parent=177"}],"curies":[{"name":"wp","href":"https:\/\/api.w.org\/{rel}","templated":true}]}}