{"id":198,"date":"2015-09-22T06:59:02","date_gmt":"2015-09-22T06:59:02","guid":{"rendered":"http:\/\/verkkovaria.fi\/liikenne\/maaraaikaishuolto\/?page_id=198"},"modified":"2016-06-16T06:58:01","modified_gmt":"2016-06-16T06:58:01","slug":"arviointi-2","status":"publish","type":"page","link":"https:\/\/verkkovaria.fi\/liikenne\/maaraaikaishuolto\/arviointi-2\/","title":{"rendered":"Arviointi"},"content":{"rendered":"<p style=\"text-align: left;\">M\u00e4\u00e4r\u00e4aikaishuollon ammattitaitovaatimuksia on kuvattu Auton tai moottoripy\u00f6r\u00e4n huoltaminen -tutkinnon osassa seuraavasti:<\/p>\n<p style=\"text-align: left;\">Opiskelija tai tutkinnon suorittaja osaa<\/p>\n<ul>\n<li style=\"text-align: left;\">tehd\u00e4 auton tai moottoripy\u00f6r\u00e4n kuntohuollon<\/li>\n<li style=\"text-align: left;\">tehd\u00e4 auton tai moottoripy\u00f6r\u00e4n m\u00e4\u00e4r\u00e4aikaishuollon valmistajan huolto-ohjelman mukaan<\/li>\n<li style=\"text-align: left;\">tehd\u00e4 py\u00f6rien tarkastuksen ja tuntee rengasm\u00e4\u00e4r\u00e4ykset<\/li>\n<li style=\"text-align: left;\">k\u00e4ytt\u00e4\u00e4 huoltotarvikkeita sek\u00e4 j\u00e4tteiden lajittelun ja uusiok\u00e4yt\u00f6n<\/li>\n<li style=\"text-align: left;\">k\u00e4ytt\u00e4\u00e4 tieto- ja viestint\u00e4tekniikan laitteita ja alan ohjelmistoja<\/li>\n<li style=\"text-align: left;\">k\u00e4ytt\u00e4\u00e4 auton tai moottoripy\u00f6r\u00e4n huoltoon tarkoitettuja ty\u00f6v\u00e4lineit\u00e4 ja laitteita sek\u00e4 s\u00e4ilytt\u00e4\u00e4 ja huoltaa niit\u00e4 oikealla tavalla<\/li>\n<li style=\"text-align: left;\">edist\u00e4\u00e4 toiminnallaan ty\u00f6ss\u00e4\u00e4n ja ty\u00f6yhteis\u00f6ss\u00e4\u00e4n yritystoiminnan tuloksellisuutta.<\/li>\n<\/ul>\n<p>Auton tai moottoripy\u00f6r\u00e4n huoltamisen opetussuunnitelma\u00a0(osaamistavoitteet ja osaamisen arviointi) l\u00f6ytyy autoalan perustutkinnon auton tai moottoripy\u00f6r\u00e4n huoltamisen tutkinnon osasta:\u00a0<a href=\"https:\/\/eperusteet.opintopolku.fi\/#\/fi\/esitys\/612\/ops\/tutkinnonosat\/7449\" target=\"_blank\">Opintopolku, ePerusteet: Auton tai moottooripy\u00f6r\u00e4n huoltaminen<\/a>.<\/p>\n","protected":false},"excerpt":{"rendered":"<p>M\u00e4\u00e4r\u00e4aikaishuollon ammattitaitovaatimuksia on kuvattu Auton tai moottoripy\u00f6r\u00e4n huoltaminen -tutkinnon osassa seuraavasti: Opiskelija tai tutkinnon suorittaja osaa tehd\u00e4 auton tai moottoripy\u00f6r\u00e4n kuntohuollon tehd\u00e4 auton tai moottoripy\u00f6r\u00e4n m\u00e4\u00e4r\u00e4aikaishuollon valmistajan huolto-ohjelman mukaan tehd\u00e4 py\u00f6rien tarkastuksen ja tuntee rengasm\u00e4\u00e4r\u00e4ykset k\u00e4ytt\u00e4\u00e4 huoltotarvikkeita sek\u00e4 j\u00e4tteiden lajittelun ja uusiok\u00e4yt\u00f6n k\u00e4ytt\u00e4\u00e4 tieto- ja viestint\u00e4tekniikan laitteita ja alan ohjelmistoja k\u00e4ytt\u00e4\u00e4 auton tai moottoripy\u00f6r\u00e4n huoltoon &hellip; <a href=\"https:\/\/verkkovaria.fi\/liikenne\/maaraaikaishuolto\/arviointi-2\/\">Continued<\/a><\/p>\n","protected":false},"author":2,"featured_media":0,"parent":0,"menu_order":0,"comment_status":"closed","ping_status":"closed","template":"","meta":{"footnotes":"","_links_to":"","_links_to_target":""},"class_list":["post-198","page","type-page","status-publish","hentry"],"_links":{"self":[{"href":"https:\/\/verkkovaria.fi\/liikenne\/maaraaikaishuolto\/wp-json\/wp\/v2\/pages\/198","targetHints":{"allow":["GET"]}}],"collection":[{"href":"https:\/\/verkkovaria.fi\/liikenne\/maaraaikaishuolto\/wp-json\/wp\/v2\/pages"}],"about":[{"href":"https:\/\/verkkovaria.fi\/liikenne\/maaraaikaishuolto\/wp-json\/wp\/v2\/types\/page"}],"author":[{"embeddable":true,"href":"https:\/\/verkkovaria.fi\/liikenne\/maaraaikaishuolto\/wp-json\/wp\/v2\/users\/2"}],"replies":[{"embeddable":true,"href":"https:\/\/verkkovaria.fi\/liikenne\/maaraaikaishuolto\/wp-json\/wp\/v2\/comments?post=198"}],"version-history":[{"count":7,"href":"https:\/\/verkkovaria.fi\/liikenne\/maaraaikaishuolto\/wp-json\/wp\/v2\/pages\/198\/revisions"}],"predecessor-version":[{"id":256,"href":"https:\/\/verkkovaria.fi\/liikenne\/maaraaikaishuolto\/wp-json\/wp\/v2\/pages\/198\/revisions\/256"}],"wp:attachment":[{"href":"https:\/\/verkkovaria.fi\/liikenne\/maaraaikaishuolto\/wp-json\/wp\/v2\/media?parent=198"}],"curies":[{"name":"wp","href":"https:\/\/api.w.org\/{rel}","templated":true}]}}