{"id":11,"date":"2014-10-27T12:52:21","date_gmt":"2014-10-27T12:52:21","guid":{"rendered":"http:\/\/verkkovaria.fi\/liikenne\/maaraaikaishuolto\/?page_id=11"},"modified":"2016-02-19T12:30:59","modified_gmt":"2016-02-19T12:30:59","slug":"etusivu","status":"publish","type":"page","link":"https:\/\/verkkovaria.fi\/liikenne\/maaraaikaishuolto\/","title":{"rendered":"M\u00e4\u00e4r\u00e4aikaishuolto"},"content":{"rendered":"<p style=\"text-align: left;\">T\u00e4ll\u00e4 sivustolla opiskellaan auton m\u00e4\u00e4r\u00e4aikaishuollon suorittamiseen liittyvi\u00e4 asioita. Sivusto tukee huollon eri ty\u00f6vaiheiden opiskelua aidossa oppimisymp\u00e4rist\u00f6ss\u00e4 oppilaitoksen ty\u00f6salissa tai ty\u00f6ss\u00e4oppimisjaksoilla. Opiskelussa hy\u00f6dynnet\u00e4\u00e4n erilaisia verkkoalustoja kuten blogeja.<\/p>\n<p style=\"text-align: left;\">\u00a0<\/p>\n<p><img loading=\"lazy\" decoding=\"async\" src=\"http:\/\/verkkovaria.fi\/liikenne\/maaraaikaishuolto\/wp-content\/uploads\/2014\/10\/autoasentaja-300x200.jpg\" alt=\"\" width=\"346\" height=\"253\" \/><\/p>\n","protected":false},"excerpt":{"rendered":"<p>T\u00e4ll\u00e4 sivustolla opiskellaan auton m\u00e4\u00e4r\u00e4aikaishuollon suorittamiseen liittyvi\u00e4 asioita. Sivusto tukee huollon eri ty\u00f6vaiheiden opiskelua aidossa oppimisymp\u00e4rist\u00f6ss\u00e4 oppilaitoksen ty\u00f6salissa tai ty\u00f6ss\u00e4oppimisjaksoilla. Opiskelussa hy\u00f6dynnet\u00e4\u00e4n erilaisia verkkoalustoja kuten blogeja. \u00a0<\/p>\n","protected":false},"author":1,"featured_media":142,"parent":0,"menu_order":0,"comment_status":"closed","ping_status":"open","template":"frontpage.php","meta":{"footnotes":"","_links_to":"","_links_to_target":""},"class_list":["post-11","page","type-page","status-publish","has-post-thumbnail","hentry"],"_links":{"self":[{"href":"https:\/\/verkkovaria.fi\/liikenne\/maaraaikaishuolto\/wp-json\/wp\/v2\/pages\/11","targetHints":{"allow":["GET"]}}],"collection":[{"href":"https:\/\/verkkovaria.fi\/liikenne\/maaraaikaishuolto\/wp-json\/wp\/v2\/pages"}],"about":[{"href":"https:\/\/verkkovaria.fi\/liikenne\/maaraaikaishuolto\/wp-json\/wp\/v2\/types\/page"}],"author":[{"embeddable":true,"href":"https:\/\/verkkovaria.fi\/liikenne\/maaraaikaishuolto\/wp-json\/wp\/v2\/users\/1"}],"replies":[{"embeddable":true,"href":"https:\/\/verkkovaria.fi\/liikenne\/maaraaikaishuolto\/wp-json\/wp\/v2\/comments?post=11"}],"version-history":[{"count":17,"href":"https:\/\/verkkovaria.fi\/liikenne\/maaraaikaishuolto\/wp-json\/wp\/v2\/pages\/11\/revisions"}],"predecessor-version":[{"id":222,"href":"https:\/\/verkkovaria.fi\/liikenne\/maaraaikaishuolto\/wp-json\/wp\/v2\/pages\/11\/revisions\/222"}],"wp:featuredmedia":[{"embeddable":true,"href":"https:\/\/verkkovaria.fi\/liikenne\/maaraaikaishuolto\/wp-json\/wp\/v2\/media\/142"}],"wp:attachment":[{"href":"https:\/\/verkkovaria.fi\/liikenne\/maaraaikaishuolto\/wp-json\/wp\/v2\/media?parent=11"}],"curies":[{"name":"wp","href":"https:\/\/api.w.org\/{rel}","templated":true}]}}