{"id":70,"date":"2015-02-09T14:05:44","date_gmt":"2015-02-09T14:05:44","guid":{"rendered":"http:\/\/verkkovaria.fi\/kulttuuri\/varikasittelyt\/?page_id=70"},"modified":"2016-06-16T10:25:19","modified_gmt":"2016-06-16T10:25:19","slug":"teema-2-2","status":"publish","type":"page","link":"https:\/\/verkkovaria.fi\/kulttuuri\/varikasittelyt\/teema-2-2\/","title":{"rendered":"TEEMA 2: ASIAKKAAN JA PARTURI-KAMPAAJAN SUOJAUTUMINEN"},"content":{"rendered":"<p>AMMATTITAITOVAATIMUS\u00a0<\/p>\n<ul>\n<li>Hallitsee ja \u00a0osaa valita ja k\u00e4ytt\u00e4\u00e4 v\u00e4rik\u00e4sittelyty\u00f6skentelyyn sopivat suojav\u00e4lineet suojatakseen asiakkaan ja itsens\u00e4.\n<\/li>\n<\/ul>\n<p>OPISKELIJA:<\/p>\n<ul>\n<li>tunnistat v\u00e4rj\u00e4ysk\u00e4sittelyiss\u00e4 k\u00e4ytett\u00e4v\u00e4t soveltuvat suojav\u00e4lineet<\/li>\n<li>osaat k\u00e4ytt\u00e4\u00e4\u00a0\u00a0ty\u00f6menetelmiiin soveltuvia suojaimia ja ty\u00f6v\u00e4lineit\u00e4<\/li>\n<li>osaat suojata tarkoituksenmukaisia ty\u00f6v\u00e4lineit\u00e4 k\u00e4ytt\u00e4en asiakkaan ja itsesi<\/li>\n<\/ul>\n<dl id=\"attachment_452\" style=\"width: 300px;\">\n<dt>\n<p>\u00a0<\/p>\n<p><figure id=\"attachment_452\" aria-describedby=\"caption-attachment-452\" style=\"width: 300px\" class=\"wp-caption alignnone\"><a href=\"http:\/\/verkkovaria.fi\/kulttuuri\/varikasittelyt\/wp-content\/uploads\/2015\/09\/20150407_181954.jpg\"><img loading=\"lazy\" decoding=\"async\" src=\"http:\/\/verkkovaria.fi\/kulttuuri\/varikasittelyt\/wp-content\/uploads\/2015\/09\/20150407_181954-300x225.jpg\" alt=\"20150407_181954\" width=\"300\" height=\"225\" \/><\/a><figcaption id=\"caption-attachment-452\" class=\"wp-caption-text\">Kohdepoiston k\u00e4ytt\u00f6 parran v\u00e4rj\u00e4yksess\u00e4. Varia<\/figcaption><\/figure><\/dt>\n<\/dl>\n<p>Miten suojaat asiakkaan ja itsesi v\u00e4rj\u00e4ysk\u00e4sittelypalvelua suorittaessasi?<\/p>\n<p>Kysy ty\u00f6paikkaohjaajaltasi\/ty\u00f6ntekij\u00f6ilt\u00e4:<\/p>\n<ul>\n<li>mit\u00e4 suojav\u00e4lineit\u00e4 heill\u00e4 on?<\/li>\n<li>mit\u00e4 suojav\u00e4lineit\u00e4 he k\u00e4ytt\u00e4v\u00e4t?<\/li>\n<li>mit\u00e4 vinkkej\u00e4\/oivia ratkaisuja \u00a0heill\u00e4 on mahdollisesti k\u00e4yt\u00f6ss\u00e4\u00e4n ja voisiko niit\u00e4 hy\u00f6dynt\u00e4\u00e4 toisaallakin?<\/li>\n<\/ul>\n<ol>\n<li>L\u00e4het\u00e4 kuva jossa asiakkaasi on suojattu oikein (<a href=\"http:\/\/nuortennetti.yla-savo.fi\/Tiedonhankinta\/Tekijanoikeudet\" target=\"_blank\">muistathan kysy\u00e4 luvan ja kuvata siten ett\u00e4 kuvattavaa ei tunnisteta)<\/a><\/li>\n<li>Ker\u00e4\u00e4 top-paikassasi k\u00e4ytett\u00e4v\u00e4t suojav\u00e4lineet yhteen ja l\u00e4het\u00e4 kuva. Voit yhdist\u00e4\u00e4 usean kuvan yhteen hy\u00f6dynt\u00e4m\u00e4ll\u00e4 mobiililaitteesi appsia (pixlr)<\/li>\n<\/ol>\n<p>Kuvat l\u00e4hetet\u00e4\u00e4n opettajan antamalle oppimisalustalle.<\/p>\n","protected":false},"excerpt":{"rendered":"<p>AMMATTITAITOVAATIMUS\u00a0 Hallitsee ja \u00a0osaa valita ja k\u00e4ytt\u00e4\u00e4 v\u00e4rik\u00e4sittelyty\u00f6skentelyyn sopivat suojav\u00e4lineet suojatakseen asiakkaan ja itsens\u00e4. OPISKELIJA: tunnistat v\u00e4rj\u00e4ysk\u00e4sittelyiss\u00e4 k\u00e4ytett\u00e4v\u00e4t soveltuvat suojav\u00e4lineet osaat k\u00e4ytt\u00e4\u00e4\u00a0\u00a0ty\u00f6menetelmiiin soveltuvia suojaimia ja ty\u00f6v\u00e4lineit\u00e4 osaat suojata tarkoituksenmukaisia ty\u00f6v\u00e4lineit\u00e4 k\u00e4ytt\u00e4en asiakkaan ja itsesi \u00a0 Miten suojaat asiakkaan ja itsesi v\u00e4rj\u00e4ysk\u00e4sittelypalvelua suorittaessasi? Kysy ty\u00f6paikkaohjaajaltasi\/ty\u00f6ntekij\u00f6ilt\u00e4: mit\u00e4 suojav\u00e4lineit\u00e4 heill\u00e4 on? mit\u00e4 suojav\u00e4lineit\u00e4 he k\u00e4ytt\u00e4v\u00e4t? mit\u00e4 vinkkej\u00e4\/oivia ratkaisuja &hellip; <a href=\"https:\/\/verkkovaria.fi\/kulttuuri\/varikasittelyt\/teema-2-2\/\">Continued<\/a><\/p>\n","protected":false},"author":1,"featured_media":0,"parent":0,"menu_order":0,"comment_status":"closed","ping_status":"open","template":"","meta":{"footnotes":"","_links_to":"","_links_to_target":""},"class_list":["post-70","page","type-page","status-publish","hentry"],"_links":{"self":[{"href":"https:\/\/verkkovaria.fi\/kulttuuri\/varikasittelyt\/wp-json\/wp\/v2\/pages\/70","targetHints":{"allow":["GET"]}}],"collection":[{"href":"https:\/\/verkkovaria.fi\/kulttuuri\/varikasittelyt\/wp-json\/wp\/v2\/pages"}],"about":[{"href":"https:\/\/verkkovaria.fi\/kulttuuri\/varikasittelyt\/wp-json\/wp\/v2\/types\/page"}],"author":[{"embeddable":true,"href":"https:\/\/verkkovaria.fi\/kulttuuri\/varikasittelyt\/wp-json\/wp\/v2\/users\/1"}],"replies":[{"embeddable":true,"href":"https:\/\/verkkovaria.fi\/kulttuuri\/varikasittelyt\/wp-json\/wp\/v2\/comments?post=70"}],"version-history":[{"count":33,"href":"https:\/\/verkkovaria.fi\/kulttuuri\/varikasittelyt\/wp-json\/wp\/v2\/pages\/70\/revisions"}],"predecessor-version":[{"id":754,"href":"https:\/\/verkkovaria.fi\/kulttuuri\/varikasittelyt\/wp-json\/wp\/v2\/pages\/70\/revisions\/754"}],"wp:attachment":[{"href":"https:\/\/verkkovaria.fi\/kulttuuri\/varikasittelyt\/wp-json\/wp\/v2\/media?parent=70"}],"curies":[{"name":"wp","href":"https:\/\/api.w.org\/{rel}","templated":true}]}}