{"id":65,"date":"2015-02-09T14:05:02","date_gmt":"2015-02-09T14:05:02","guid":{"rendered":"http:\/\/verkkovaria.fi\/kulttuuri\/varikasittelyt\/?page_id=65"},"modified":"2016-06-16T11:27:37","modified_gmt":"2016-06-16T11:27:37","slug":"teema-6-2","status":"publish","type":"page","link":"https:\/\/verkkovaria.fi\/kulttuuri\/varikasittelyt\/teema-6-2\/","title":{"rendered":"TEEMA 6: ALLERGIA"},"content":{"rendered":"<p>AMMATTITAITOVAATIMUS<\/p>\n<ul>\n<li>Ymm\u00e4rt\u00e4\u00e4 allergia-k\u00e4sitteen.\n<\/li>\n<\/ul>\n<p>OPISKELIJA<\/p>\n<ul>\n<li>Ymm\u00e4rr\u00e4t allergia-k\u00e4sitteen.<\/li>\n<li>Osaat k\u00e4ytt\u00e4\u00e4 tietojasi allergiasta hy\u00f6dyksi palvelutilanteessa.\n<\/li>\n<\/ul>\n<p>TEHT\u00c4V\u00c4T<\/p>\n<ol>\n<li>Tutustu ALLERGIA-k\u00e4sitteeseen.\u00a0<\/li>\n<li>Mit\u00e4 sinun tulisi tiet\u00e4\u00e4 jos asiakkaasi kysyy sinulta allergioista? Mit\u00e4 asiakas voisi kysy\u00e4?<\/li>\n<li>Keskustele ty\u00f6paikkaohjaajasi tai ty\u00f6ntekij\u00f6iden kanssa allergia-asiasta. Mit\u00e4 tietoa tai kokemusta heill\u00e4 on asiasta?<\/li>\n<li>Miten selitt\u00e4isit asiakkaallesi miksi h\u00e4n on allerginen v\u00e4rik\u00e4sittelytuotteille? Miksi h\u00e4n yht\u00e4kki\u00e4 on tullut allergiseksi, kun aiemmin h\u00e4nell\u00e4 ei ole ollut ongelmia? Onko h\u00e4n lopunik\u00e4\u00e4 allerginen?<\/li>\n<\/ol>\n<p>Teemaa ty\u00f6stet\u00e4\u00e4n pienryhm\u00e4ss\u00e4 ja tietoa tuotetaan oppimisalustaan\u00a0tiivistetyss\u00e4 muodossa.<\/p>\n<p>Etsik\u00e4\u00e4 hyvi\u00e4 tietol\u00e4hteit\u00e4 ja linkkej\u00e4.<\/p>\n<p>Muistathan\u00a0aina\u00a0 mainita k\u00e4ytt\u00e4m\u00e4si tietol\u00e4hteen (linkki, henkil\u00f6 jne.)<\/p>\n<p>Ryhm\u00e4, jolla on teema 8, toimii kommentointi -ja yhteisty\u00f6kumppanina.<\/p>\n<p>LINKKEJ\u00c4<\/p>\n<p><a href=\"http:\/\/www.terveyskirjasto.fi\/terveyskirjasto\/tk.koti?p_artikkeli=skl00027\" target=\"_blank\">Terveyskirjasto; allergian perusteet<br \/><\/a><a href=\"http:\/\/www.teknokemia.fi\/fin\/kosmetiikka\/kosmetiikan_puheenaiheita\/allergiat_ja_kosmetiikka\/\" target=\"_blank\">Teknokemian yhdistys ry; allerginen kosmetiikalle<\/a><\/p>\n<p><a href=\"http:\/\/www.terveyskirjasto.fi\/terveyskirjasto\/tk.koti?p_artikkeli=skl00027\" target=\"_blank\"><img loading=\"lazy\" decoding=\"async\" src=\"http:\/\/verkkovaria.fi\/kulttuuri\/varikasittelyt\/wp-content\/uploads\/2015\/10\/ALLERGIA-300x169.png\" alt=\"ALLERGIA\" width=\"400\" height=\"225\" \/><\/a>www.terveyskirjasto.fi<\/p>\n","protected":false},"excerpt":{"rendered":"<p>AMMATTITAITOVAATIMUS Ymm\u00e4rt\u00e4\u00e4 allergia-k\u00e4sitteen. OPISKELIJA Ymm\u00e4rr\u00e4t allergia-k\u00e4sitteen. Osaat k\u00e4ytt\u00e4\u00e4 tietojasi allergiasta hy\u00f6dyksi palvelutilanteessa. TEHT\u00c4V\u00c4T Tutustu ALLERGIA-k\u00e4sitteeseen.\u00a0 Mit\u00e4 sinun tulisi tiet\u00e4\u00e4 jos asiakkaasi kysyy sinulta allergioista? Mit\u00e4 asiakas voisi kysy\u00e4? Keskustele ty\u00f6paikkaohjaajasi tai ty\u00f6ntekij\u00f6iden kanssa allergia-asiasta. Mit\u00e4 tietoa tai kokemusta heill\u00e4 on asiasta? Miten selitt\u00e4isit asiakkaallesi miksi h\u00e4n on allerginen v\u00e4rik\u00e4sittelytuotteille? Miksi h\u00e4n yht\u00e4kki\u00e4 on tullut allergiseksi, &hellip; <a href=\"https:\/\/verkkovaria.fi\/kulttuuri\/varikasittelyt\/teema-6-2\/\">Continued<\/a><\/p>\n","protected":false},"author":1,"featured_media":0,"parent":0,"menu_order":0,"comment_status":"closed","ping_status":"open","template":"","meta":{"footnotes":"","_links_to":"","_links_to_target":""},"class_list":["post-65","page","type-page","status-publish","hentry"],"_links":{"self":[{"href":"https:\/\/verkkovaria.fi\/kulttuuri\/varikasittelyt\/wp-json\/wp\/v2\/pages\/65","targetHints":{"allow":["GET"]}}],"collection":[{"href":"https:\/\/verkkovaria.fi\/kulttuuri\/varikasittelyt\/wp-json\/wp\/v2\/pages"}],"about":[{"href":"https:\/\/verkkovaria.fi\/kulttuuri\/varikasittelyt\/wp-json\/wp\/v2\/types\/page"}],"author":[{"embeddable":true,"href":"https:\/\/verkkovaria.fi\/kulttuuri\/varikasittelyt\/wp-json\/wp\/v2\/users\/1"}],"replies":[{"embeddable":true,"href":"https:\/\/verkkovaria.fi\/kulttuuri\/varikasittelyt\/wp-json\/wp\/v2\/comments?post=65"}],"version-history":[{"count":29,"href":"https:\/\/verkkovaria.fi\/kulttuuri\/varikasittelyt\/wp-json\/wp\/v2\/pages\/65\/revisions"}],"predecessor-version":[{"id":756,"href":"https:\/\/verkkovaria.fi\/kulttuuri\/varikasittelyt\/wp-json\/wp\/v2\/pages\/65\/revisions\/756"}],"wp:attachment":[{"href":"https:\/\/verkkovaria.fi\/kulttuuri\/varikasittelyt\/wp-json\/wp\/v2\/media?parent=65"}],"curies":[{"name":"wp","href":"https:\/\/api.w.org\/{rel}","templated":true}]}}